CRAN Package Check Results for Package Rinstapkg

Last updated on 2019-09-19 14:46:57 CEST.

Flavor Version Tinstall Tcheck Ttotal Status Flags
r-devel-linux-x86_64-debian-clang 0.1.0 5.16 43.91 49.07 OK
r-devel-linux-x86_64-debian-gcc 0.1.0 4.85 34.87 39.72 OK
r-devel-linux-x86_64-fedora-clang 0.1.0 60.04 NOTE
r-devel-linux-x86_64-fedora-gcc 0.1.0 60.00 NOTE
r-devel-windows-ix86+x86_64 0.1.0 28.00 98.00 126.00 OK
r-patched-linux-x86_64 0.1.0 4.99 42.32 47.31 OK
r-patched-solaris-x86 0.1.0 87.30 NOTE
r-release-linux-x86_64 0.1.0 5.56 43.03 48.59 OK
r-release-windows-ix86+x86_64 0.1.0 12.00 64.00 76.00 OK
r-release-osx-x86_64 0.1.0 NOTE
r-oldrel-windows-ix86+x86_64 0.1.0 8.00 59.00 67.00 OK
r-oldrel-osx-x86_64 0.1.0 NOTE

Check Details

Version: 0.1.0
Check: dependencies in R code
Result: NOTE
    Namespaces in Imports field not imported from:
     ‘methods’ ‘readr’
     All declared Imports should be used.
Flavors: r-devel-linux-x86_64-fedora-clang, r-devel-linux-x86_64-fedora-gcc, r-patched-solaris-x86, r-release-osx-x86_64, r-oldrel-osx-x86_64