CRAN Package Check Results for Package ReinforcementLearning

Last updated on 2019-07-16 07:51:01 CEST.

Flavor Version Tinstall Tcheck Ttotal Status Flags
r-devel-linux-x86_64-debian-clang 1.0.4 6.36 43.56 49.92 OK
r-devel-linux-x86_64-debian-gcc 1.0.4 5.80 35.66 41.46 OK
r-devel-linux-x86_64-fedora-clang 1.0.4 60.98 NOTE
r-devel-linux-x86_64-fedora-gcc 1.0.4 60.74 NOTE
r-devel-windows-ix86+x86_64 1.0.4 17.00 80.00 97.00 OK
r-patched-linux-x86_64 1.0.4 7.41 44.00 51.41 OK
r-patched-solaris-x86 1.0.4 92.40 NOTE
r-release-linux-x86_64 1.0.4 6.16 43.88 50.04 OK
r-release-windows-ix86+x86_64 1.0.4 12.00 79.00 91.00 OK
r-release-osx-x86_64 1.0.4 NOTE
r-oldrel-windows-ix86+x86_64 1.0.4 13.00 57.00 70.00 OK
r-oldrel-osx-x86_64 1.0.4 NOTE

Check Details

Version: 1.0.4
Check: dependencies in R code
Result: NOTE
    Namespace in Imports field not imported from: ‘ggplot2’
     All declared Imports should be used.
Flavors: r-devel-linux-x86_64-fedora-clang, r-devel-linux-x86_64-fedora-gcc, r-patched-solaris-x86, r-release-osx-x86_64, r-oldrel-osx-x86_64