CRAN Package Check Results for Package ReinforcementLearning

Last updated on 2019-05-21 15:48:49 CEST.

Flavor Version Tinstall Tcheck Ttotal Status Flags
r-devel-linux-x86_64-debian-clang 1.0.3 6.90 43.99 50.89 OK
r-devel-linux-x86_64-debian-gcc 1.0.3 6.26 34.96 41.22 OK
r-devel-linux-x86_64-fedora-clang 1.0.3 61.52 NOTE
r-devel-linux-x86_64-fedora-gcc 1.0.3 60.24 NOTE
r-devel-windows-ix86+x86_64 1.0.3 11.00 57.00 68.00 OK
r-patched-linux-x86_64 1.0.3 7.17 43.50 50.67 OK
r-patched-solaris-x86 1.0.3 88.10 NOTE
r-release-linux-x86_64 1.0.3 6.29 43.15 49.44 OK
r-release-windows-ix86+x86_64 1.0.3 16.00 76.00 92.00 OK
r-release-osx-x86_64 1.0.3 NOTE
r-oldrel-windows-ix86+x86_64 1.0.3 8.00 56.00 64.00 OK
r-oldrel-osx-x86_64 1.0.3 NOTE

Check Details

Version: 1.0.3
Check: dependencies in R code
Result: NOTE
    Namespace in Imports field not imported from: ‘ggplot2’
     All declared Imports should be used.
Flavors: r-devel-linux-x86_64-fedora-clang, r-devel-linux-x86_64-fedora-gcc, r-patched-solaris-x86, r-release-osx-x86_64, r-oldrel-osx-x86_64