CRAN Package Check Results for Package RcppCNPy

Last updated on 2019-09-19 16:48:08 CEST.

Flavor Version Tinstall Tcheck Ttotal Status Flags
r-devel-linux-x86_64-debian-clang 0.2.10 17.53 47.98 65.51 OK
r-devel-linux-x86_64-debian-gcc 0.2.10 15.31 39.46 54.77 OK
r-devel-linux-x86_64-fedora-clang 0.2.10 98.10 OK
r-devel-linux-x86_64-fedora-gcc 0.2.10 94.11 OK
r-devel-windows-ix86+x86_64 0.2.10 61.00 109.00 170.00 OK
r-patched-linux-x86_64 0.2.10 14.95 47.62 62.57 OK
r-patched-solaris-x86 0.2.10 90.50 WARN
r-release-linux-x86_64 0.2.10 17.03 47.89 64.92 OK
r-release-windows-ix86+x86_64 0.2.10 48.00 101.00 149.00 OK
r-release-osx-x86_64 0.2.10 OK
r-oldrel-windows-ix86+x86_64 0.2.10 42.00 86.00 128.00 OK
r-oldrel-osx-x86_64 0.2.10 OK

Check Details

Version: 0.2.10
Check: re-building of vignette outputs
Result: WARN
    Error(s) in re-building vignettes:
     ...
    --- re-building ‘RcppCNPy-intro.Rmd’ using rmarkdown
    Warning in engine$weave(file, quiet = quiet, encoding = enc) :
     Pandoc (>= 1.12.3) and/or pandoc-citeproc not available. Falling back to R Markdown v1.
    Quitting from lines 95-104 (RcppCNPy-intro.Rmd)
    Error: processing vignette 'RcppCNPy-intro.Rmd' failed with diagnostics:
    Python shared library not found, Python bindings not loaded.
    --- failed re-building ‘RcppCNPy-intro.Rmd’
    
    --- re-building ‘UsingReticulate.Rmd’ using rmarkdown
    Warning in engine$weave(file, quiet = quiet, encoding = enc) :
     Pandoc (>= 1.12.3) and/or pandoc-citeproc not available. Falling back to R Markdown v1.
    Quitting from lines 84-94 (UsingReticulate.Rmd)
    Error: processing vignette 'UsingReticulate.Rmd' failed with diagnostics:
    Python shared library not found, Python bindings not loaded.
    --- failed re-building ‘UsingReticulate.Rmd’
    
    SUMMARY: processing the following files failed:
     ‘RcppCNPy-intro.Rmd’ ‘UsingReticulate.Rmd’
    
    Error: Vignette re-building failed.
    Execution halted
Flavor: r-patched-solaris-x86