CRAN Package Check Results for Package RadOnc

Last updated on 2020-01-20 23:50:21 CET.

Flavor Version Tinstall Tcheck Ttotal Status Flags
r-devel-linux-x86_64-debian-clang 1.1.5 13.84 99.45 113.29 OK
r-devel-linux-x86_64-debian-gcc 1.1.5 13.59 74.53 88.12 OK
r-devel-linux-x86_64-fedora-clang 1.1.5 136.24 NOTE
r-devel-linux-x86_64-fedora-gcc 1.1.5 133.55 OK
r-devel-windows-ix86+x86_64 1.1.5 43.00 176.00 219.00 NOTE
r-devel-windows-ix86+x86_64-gcc8 1.1.5 28.00 171.00 199.00 NOTE
r-patched-linux-x86_64 1.1.5 13.40 87.39 100.79 OK
r-patched-solaris-x86 1.1.5 167.70 NOTE
r-release-linux-x86_64 1.1.5 13.14 87.76 100.90 OK
r-release-windows-ix86+x86_64 1.1.5 21.00 149.00 170.00 NOTE
r-release-osx-x86_64 1.1.5 WARN
r-oldrel-windows-ix86+x86_64 1.1.5 15.00 103.00 118.00 NOTE
r-oldrel-osx-x86_64 1.1.5 NOTE

Check Details

Version: 1.1.5
Check: installed package size
Result: NOTE
     installed size is 5.3Mb
     sub-directories of 1Mb or more:
     data 2.3Mb
     extdata 1.4Mb
Flavors: r-devel-linux-x86_64-fedora-clang, r-devel-windows-ix86+x86_64, r-devel-windows-ix86+x86_64-gcc8, r-patched-solaris-x86, r-release-windows-ix86+x86_64, r-release-osx-x86_64, r-oldrel-windows-ix86+x86_64, r-oldrel-osx-x86_64

Version: 1.1.5
Check: whether package can be installed
Result: WARN
    Found the following significant warnings:
     Warning: 'rgl_init' failed, running with rgl.useNULL = TRUE
Flavor: r-release-osx-x86_64