CRAN Package Check Results for Package RadOnc

Last updated on 2019-09-15 13:47:23 CEST.

Flavor Version Tinstall Tcheck Ttotal Status Flags
r-devel-linux-x86_64-debian-clang 1.1.5 13.15 89.31 102.46 OK
r-devel-linux-x86_64-debian-gcc 1.1.5 11.35 68.43 79.78 OK
r-devel-linux-x86_64-fedora-clang 1.1.5 121.85 NOTE
r-devel-linux-x86_64-fedora-gcc 1.1.5 119.70 OK
r-devel-windows-ix86+x86_64 1.1.5 40.00 150.00 190.00 NOTE
r-patched-linux-x86_64 1.1.5 12.40 88.31 100.71 OK
r-patched-solaris-x86 1.1.5 172.00 NOTE
r-release-linux-x86_64 1.1.5 15.32 87.90 103.22 OK
r-release-windows-ix86+x86_64 1.1.5 22.00 111.00 133.00 NOTE
r-release-osx-x86_64 1.1.5 WARN
r-oldrel-windows-ix86+x86_64 1.1.5 24.00 111.00 135.00 NOTE
r-oldrel-osx-x86_64 1.1.5 NOTE

Check Details

Version: 1.1.5
Check: installed package size
Result: NOTE
     installed size is 5.3Mb
     sub-directories of 1Mb or more:
     data 2.3Mb
     extdata 1.4Mb
Flavors: r-devel-linux-x86_64-fedora-clang, r-devel-windows-ix86+x86_64, r-patched-solaris-x86, r-release-windows-ix86+x86_64, r-release-osx-x86_64, r-oldrel-windows-ix86+x86_64, r-oldrel-osx-x86_64

Version: 1.1.5
Check: whether package can be installed
Result: WARN
    Found the following significant warnings:
     Warning: 'rgl_init' failed, running with rgl.useNULL = TRUE
Flavor: r-release-osx-x86_64