CRAN Package Check Results for Package RTransProb

Last updated on 2019-09-20 01:47:55 CEST.

Flavor Version Tinstall Tcheck Ttotal Status Flags
r-devel-linux-x86_64-debian-clang 0.3.3 43.32 70.53 113.85 WARN
r-devel-linux-x86_64-debian-gcc 0.3.3 38.63 57.14 95.77 NOTE
r-devel-linux-x86_64-fedora-clang 0.3.3 170.38 WARN
r-devel-linux-x86_64-fedora-gcc 0.3.3 162.25 NOTE
r-devel-windows-ix86+x86_64 0.3.3 109.00 153.00 262.00 OK
r-patched-linux-x86_64 0.3.3 44.46 70.13 114.59 NOTE
r-patched-solaris-x86 0.3.3 207.20 OK
r-release-linux-x86_64 0.3.3 43.96 71.13 115.09 NOTE
r-release-windows-ix86+x86_64 0.3.3 77.00 105.00 182.00 OK
r-release-osx-x86_64 0.3.3 WARN
r-oldrel-windows-ix86+x86_64 0.3.3 67.00 111.00 178.00 OK
r-oldrel-osx-x86_64 0.3.3 OK

Check Details

Version: 0.3.3
Check: whether package can be installed
Result: WARN
    Found the following significant warnings:
     getFunctions.cpp:90:16: warning: explicitly assigning value of variable of type 'arma::mat' (aka 'Mat<double>') to itself [-Wself-assign-overloaded]
Flavors: r-devel-linux-x86_64-debian-clang, r-devel-linux-x86_64-fedora-clang, r-release-osx-x86_64

Version: 0.3.3
Check: use of SHLIB_OPENMP_*FLAGS in Makefiles
Result: NOTE
     src/Makevars: SHLIB_OPENMP_CXXFLAGS is included in PKG_CXXFLAGS but not in PKG_LIBS
     src/Makevars: SHLIB_OPENMP_CFLAGS is included in PKG_LIBS but linking is by C++
     src/Makevars.win: SHLIB_OPENMP_CXXFLAGS is included in PKG_CXXFLAGS but not in PKG_LIBS
     src/Makevars.win: SHLIB_OPENMP_CFLAGS is included in PKG_LIBS but linking is by C++
    Use of these macros is discussed in sect 1.2.1.1 of 'Writing R
    Extensions'. The macros for different languages may differ so the
    matching macro must be used in PKG_CXXFLAGS (etc) and match that used
    in PKG_LIBS (except for Fortran: see the manual).
Flavors: r-devel-linux-x86_64-debian-clang, r-devel-linux-x86_64-debian-gcc, r-devel-linux-x86_64-fedora-clang, r-devel-linux-x86_64-fedora-gcc, r-patched-linux-x86_64, r-release-linux-x86_64