CRAN Package Check Results for Package RSeed

Last updated on 2019-09-19 14:46:57 CEST.

Flavor Version Tinstall Tcheck Ttotal Status Flags
r-devel-linux-x86_64-debian-clang 0.1.60 17.24 74.10 91.34 OK
r-devel-linux-x86_64-debian-gcc 0.1.60 15.72 59.68 75.40 OK
r-devel-linux-x86_64-fedora-clang 0.1.60 110.62 OK
r-devel-linux-x86_64-fedora-gcc 0.1.60 108.98 OK
r-devel-windows-ix86+x86_64 0.1.60 36.00 82.00 118.00 OK
r-patched-linux-x86_64 0.1.60 15.83 72.93 88.76 OK
r-patched-solaris-x86 0.1.60 164.10 OK
r-release-linux-x86_64 0.1.60 18.18 72.62 90.80 OK
r-release-windows-ix86+x86_64 0.1.60 28.00 115.00 143.00 OK
r-release-osx-x86_64 0.1.60 ERROR
r-oldrel-windows-ix86+x86_64 0.1.60 17.00 122.00 139.00 OK
r-oldrel-osx-x86_64 0.1.60 OK

Check Details

Version: 0.1.60
Check: package dependencies
Result: ERROR
    Packages required but not available: 'RBGL', 'graph'
    
    Package suggested but not available for checking: ‘Rgraphviz’
    
    See section ‘The DESCRIPTION file’ in the ‘Writing R Extensions’
    manual.
Flavor: r-release-osx-x86_64