CRAN Package Check Results for Package RSSL

Last updated on 2018-02-18 01:46:48 CET.

Flavor Version Tinstall Tcheck Ttotal Status Flags
r-devel-linux-x86_64-debian-clang 0.6.1 63.42 173.97 237.39 NOTE
r-devel-linux-x86_64-debian-gcc 0.6.1 53.44 134.79 188.23 NOTE
r-devel-linux-x86_64-fedora-clang 0.6.1 298.18 NOTE
r-devel-linux-x86_64-fedora-gcc 0.6.1 294.28 NOTE
r-devel-windows-ix86+x86_64 0.6.1 112.00 231.00 343.00 OK
r-patched-linux-x86_64 0.6.1 51.37 199.02 250.39 NOTE
r-patched-solaris-x86 0.6.1 364.20 OK
r-release-linux-x86_64 0.6.1 46.20 192.73 238.93 NOTE
r-release-windows-ix86+x86_64 0.6.1 140.00 371.00 511.00 OK
r-release-osx-x86_64 0.6.1 OK
r-oldrel-windows-ix86+x86_64 0.6.1 105.00 334.00 439.00 OK
r-oldrel-osx-x86_64 0.6.1 OK

Check Details

Version: 0.6.1
Check: compiled code
Result: NOTE
    File ‘RSSL/libs/RSSL.so’:
     Found no calls to: ‘R_registerRoutines’, ‘R_useDynamicSymbols’
    
    It is good practice to register native routines and to disable symbol
    search.
    
    See ‘Writing portable packages’ in the ‘Writing R Extensions’ manual.
Flavors: r-devel-linux-x86_64-debian-clang, r-devel-linux-x86_64-debian-gcc, r-devel-linux-x86_64-fedora-clang, r-devel-linux-x86_64-fedora-gcc, r-patched-linux-x86_64, r-release-linux-x86_64

Version: 0.6.1
Check: installed package size
Result: NOTE
     installed size is 5.4Mb
     sub-directories of 1Mb or more:
     libs 2.8Mb
Flavor: r-devel-linux-x86_64-fedora-gcc