CRAN Package Check Results for Package RSSL

Last updated on 2017-12-14 08:51:29 CET.

Flavor Version Tinstall Tcheck Ttotal Status Flags
r-devel-linux-x86_64-debian-clang 0.6.1 45.08 74.87 119.95 FAIL
r-devel-linux-x86_64-debian-gcc 0.6.1 39.31 68.37 107.68 FAIL
r-devel-linux-x86_64-fedora-clang 0.6.1 289.93 NOTE
r-devel-linux-x86_64-fedora-gcc 0.6.1 282.35 NOTE
r-devel-windows-ix86+x86_64 0.6.1 138.00 374.00 512.00 OK
r-patched-linux-x86_64 0.6.1 49.03 197.24 246.27 NOTE
r-patched-solaris-x86 0.6.1 361.30 OK
r-release-linux-x86_64 0.6.1 48.52 194.98 243.50 NOTE
r-release-windows-ix86+x86_64 0.6.1 90.00 275.00 365.00 OK
r-release-osx-x86_64 0.6.1 OK
r-oldrel-windows-ix86+x86_64 0.6.1 100.00 368.00 468.00 OK
r-oldrel-osx-x86_64 0.6.1 OK

Check Details

Version: 0.6.1
Check: pragmas in C/C++ headers and code
Result: FAIL
    
Flavors: r-devel-linux-x86_64-debian-clang, r-devel-linux-x86_64-debian-gcc

Version: 0.6.1
Check: compiled code
Result: NOTE
    File ‘RSSL/libs/RSSL.so’:
     Found no calls to: ‘R_registerRoutines’, ‘R_useDynamicSymbols’
    
    It is good practice to register native routines and to disable symbol
    search.
    
    See ‘Writing portable packages’ in the ‘Writing R Extensions’ manual.
Flavors: r-devel-linux-x86_64-fedora-clang, r-devel-linux-x86_64-fedora-gcc, r-patched-linux-x86_64, r-release-linux-x86_64

Version: 0.6.1
Check: installed package size
Result: NOTE
     installed size is 5.1Mb
     sub-directories of 1Mb or more:
     libs 2.7Mb
Flavor: r-devel-linux-x86_64-fedora-gcc