CRAN Package Check Results for Package RPS

Last updated on 2019-09-20 21:46:36 CEST.

Flavor Version Tinstall Tcheck Ttotal Status Flags
r-devel-linux-x86_64-debian-clang 1.0.1 9.43 90.75 100.18 OK
r-devel-linux-x86_64-debian-gcc 1.0.1 6.86 68.71 75.57 OK
r-devel-linux-x86_64-fedora-clang 1.0.1 115.74 NOTE
r-devel-linux-x86_64-fedora-gcc 1.0.1 113.58 NOTE
r-devel-windows-ix86+x86_64 1.0.1 27.00 141.00 168.00 OK
r-patched-linux-x86_64 1.0.1 7.84 87.45 95.29 OK
r-patched-solaris-x86 1.0.1 155.40 NOTE
r-release-linux-x86_64 1.0.1 7.55 88.89 96.44 OK
r-release-windows-ix86+x86_64 1.0.1 15.00 92.00 107.00 OK
r-release-osx-x86_64 1.0.1 NOTE
r-oldrel-windows-ix86+x86_64 1.0.1 8.00 98.00 106.00 OK
r-oldrel-osx-x86_64 1.0.1 NOTE

Check Details

Version: 1.0.1
Check: dependencies in R code
Result: NOTE
    Namespaces in Imports field not imported from:
     ‘ape’ ‘igraph’
     All declared Imports should be used.
Flavors: r-devel-linux-x86_64-fedora-clang, r-devel-linux-x86_64-fedora-gcc, r-patched-solaris-x86, r-release-osx-x86_64, r-oldrel-osx-x86_64