CRAN Package Check Results for Package RODBC

Last updated on 2017-03-23 06:48:26.

Flavor Version Tinstall Tcheck Ttotal Status Flags
r-devel-linux-x86_64-debian-clang 1.3-14 4.25 19.38 23.63 OK
r-devel-linux-x86_64-debian-gcc 1.3-14 3.22 19.05 22.27 OK
r-devel-linux-x86_64-fedora-clang 1.3-14 37.06 OK --no-stop-on-test-error
r-devel-linux-x86_64-fedora-gcc 1.3-14 36.47 OK --no-stop-on-test-error
r-devel-macos-x86_64-clang 1.3-14 33.52 OK --no-stop-on-test-error
r-devel-windows-ix86+x86_64 1.3-14 11.00 47.00 58.00 OK
r-patched-linux-x86_64 1.3-14 2.90 17.42 20.32 OK
r-patched-solaris-sparc 1.3-14 218.70 OK
r-patched-solaris-x86 1.3-14 48.80 OK
r-release-linux-x86_64 1.3-14 2.89 17.01 19.91 OK
r-release-osx-x86_64-mavericks 1.3-14 ERROR
r-release-windows-ix86+x86_64 1.3-14 10.00 42.00 52.00 OK
r-oldrel-windows-ix86+x86_64 1.3-14 9.00 43.00 52.00 OK

Check Details

Version: 1.3-14
Check: whether package can be installed
Result: ERROR
    Installation failed.
Flavor: r-release-osx-x86_64-mavericks