CRAN Package Check Results for Package RODBC

Last updated on 2018-12-16 22:52:04 CET.

Flavor Version Tinstall Tcheck Ttotal Status Flags
r-devel-linux-x86_64-debian-clang 1.3-15 7.16 2.05 9.21 ERROR
r-devel-linux-x86_64-debian-gcc 1.3-15 4.44 2.07 6.51 ERROR
r-devel-linux-x86_64-fedora-clang 1.3-15 43.97 OK
r-devel-linux-x86_64-fedora-gcc 1.3-15 42.77 OK
r-devel-windows-ix86+x86_64 1.3-15 15.00 52.00 67.00 OK
r-patched-linux-x86_64 1.3-15 5.28 29.27 34.55 OK
r-patched-solaris-x86 1.3-15 56.40 OK
r-release-linux-x86_64 1.3-15 5.77 28.54 34.31 OK
r-release-windows-ix86+x86_64 1.3-15 15.00 46.00 61.00 OK
r-release-osx-x86_64 1.3-15 OK
r-oldrel-windows-ix86+x86_64 1.3-15 10.00 52.00 62.00 OK
r-oldrel-osx-x86_64 1.3-15 OK

Check Details

Version: 1.3-15
Check: whether the package can be loaded
Result: ERROR
    Loading this package had a fatal error status code 1
    Loading log:
    Error: package or namespace load failed for ‘RODBC’ in dyn.load(file, DLLpath = DLLpath, ...):
     unable to load shared object ‘/home/hornik/tmp/R.check/r-devel-clang/Work/build/Packages/RODBC/libs/RODBC.so’:
     /home/hornik/tmp/R.check/r-devel-clang/Work/build/Packages/RODBC/libs/RODBC.so: failed to map segment from shared object
    Execution halted
Flavor: r-devel-linux-x86_64-debian-clang

Version: 1.3-15
Check: whether the package can be loaded
Result: ERROR
    Loading this package had a fatal error status code 1
    Loading log:
    Error: package or namespace load failed for ‘RODBC’ in dyn.load(file, DLLpath = DLLpath, ...):
     unable to load shared object ‘/home/hornik/tmp/R.check/r-devel-gcc/Work/build/Packages/RODBC/libs/RODBC.so’:
     /home/hornik/tmp/R.check/r-devel-gcc/Work/build/Packages/RODBC/libs/RODBC.so: failed to map segment from shared object
    Execution halted
Flavor: r-devel-linux-x86_64-debian-gcc