CRAN Package Check Results for Package RODBC

Last updated on 2017-06-27 11:53:58.

Flavor Version Tinstall Tcheck Ttotal Status Flags
r-devel-linux-x86_64-debian-clang 1.3-15 4.22 19.63 23.86 OK
r-devel-linux-x86_64-debian-gcc 1.3-15 3.11 18.71 21.81 OK
r-devel-linux-x86_64-fedora-clang 1.3-15 37.32 OK
r-devel-linux-x86_64-fedora-gcc 1.3-15 36.61 OK
r-devel-windows-ix86+x86_64 1.3-15 15.00 64.00 79.00 OK
r-patched-linux-x86_64 1.3-15 3.66 19.47 23.13 OK
r-patched-solaris-sparc 1.3-15 196.90 OK
r-patched-solaris-x86 1.3-15 48.70 OK
r-release-linux-x86_64 1.3-15 3.17 19.45 22.62 OK
r-release-windows-ix86+x86_64 1.3-15 12.00 47.00 59.00 OK
r-release-osx-x86_64 1.3-15 OK
r-oldrel-windows-ix86+x86_64 1.3-15 14.00 64.00 78.00 OK
r-oldrel-osx-x86_64 1.3-15 ERROR

Check Details

Version: 1.3-15
Check: whether package can be installed
Result: ERROR
    Installation failed.
Flavor: r-oldrel-osx-x86_64