CRAN Package Check Results for Package RODBC

Last updated on 2017-08-23 20:52:38.

Flavor Version Tinstall Tcheck Ttotal Status Flags
r-devel-linux-x86_64-debian-clang 1.3-15 4.09 19.48 23.57 OK
r-devel-linux-x86_64-debian-gcc 1.3-15 3.18 19.23 22.40 OK
r-devel-linux-x86_64-fedora-clang 1.3-15 37.87 OK
r-devel-linux-x86_64-fedora-gcc 1.3-15 36.61 OK
r-devel-windows-ix86+x86_64 1.3-15 11.00 47.00 58.00 OK
r-patched-linux-x86_64 1.3-15 3.03 20.09 23.12 OK
r-patched-solaris-x86 1.3-15 48.80 OK
r-release-linux-x86_64 1.3-15 3.14 19.29 22.43 OK
r-release-windows-ix86+x86_64 1.3-15 10.00 47.00 57.00 OK
r-release-osx-x86_64 1.3-15 OK
r-oldrel-windows-ix86+x86_64 1.3-15 14.00 64.00 78.00 OK
r-oldrel-osx-x86_64 1.3-15 ERROR

Check Details

Version: 1.3-15
Check: whether package can be installed
Result: ERROR
    Installation failed.
Flavor: r-oldrel-osx-x86_64