CRAN Package Check Results for Package RODBC

Last updated on 2017-12-14 18:48:47 CET.

Flavor Version Tinstall Tcheck Ttotal Status Flags
r-devel-linux-x86_64-debian-clang 1.3-15 3.78 16.60 20.38 FAIL
r-devel-linux-x86_64-debian-gcc 1.3-15 3.50 14.51 18.01 FAIL
r-devel-linux-x86_64-fedora-clang 1.3-15 39.79 OK
r-devel-linux-x86_64-fedora-gcc 1.3-15 37.56 OK
r-devel-windows-ix86+x86_64 1.3-15 15.00 58.00 73.00 OK
r-patched-linux-x86_64 1.3-15 3.42 27.19 30.61 OK
r-patched-solaris-x86 1.3-15 47.50 OK
r-release-linux-x86_64 1.3-15 3.31 26.79 30.10 OK
r-release-windows-ix86+x86_64 1.3-15 10.00 47.00 57.00 OK
r-release-osx-x86_64 1.3-15 OK
r-oldrel-windows-ix86+x86_64 1.3-15 14.00 64.00 78.00 OK
r-oldrel-osx-x86_64 1.3-15 ERROR

Check Details

Version: 1.3-15
Check: pragmas in C/C++ headers and code
Result: FAIL
    
Flavors: r-devel-linux-x86_64-debian-clang, r-devel-linux-x86_64-debian-gcc

Version: 1.3-15
Check: whether package can be installed
Result: ERROR
    Installation failed.
Flavor: r-oldrel-osx-x86_64