CRAN Package Check Results for Package RODBC

Last updated on 2017-10-18 11:48:42.

Flavor Version Tinstall Tcheck Ttotal Status Flags
r-devel-linux-x86_64-debian-clang 1.3-15 3.50 19.86 23.35 OK
r-devel-linux-x86_64-debian-gcc 1.3-15 3.30 19.58 22.88 OK
r-devel-linux-x86_64-fedora-clang 1.3-15 39.03 OK
r-devel-linux-x86_64-fedora-gcc 1.3-15 37.74 OK
r-devel-windows-ix86+x86_64 1.3-15 16.00 45.00 61.00 OK
r-patched-linux-x86_64 1.3-15 3.01 18.99 22.00 OK
r-patched-solaris-x86 1.3-15 48.80 OK
r-release-linux-x86_64 1.3-15 2.94 18.85 21.78 OK
r-release-windows-ix86+x86_64 1.3-15 10.00 47.00 57.00 OK
r-release-osx-x86_64 1.3-15 OK
r-oldrel-windows-ix86+x86_64 1.3-15 14.00 64.00 78.00 OK
r-oldrel-osx-x86_64 1.3-15 ERROR

Check Details

Version: 1.3-15
Check: whether package can be installed
Result: ERROR
    Installation failed.
Flavor: r-oldrel-osx-x86_64