CRAN Package Check Results for Package RODBC

Last updated on 2017-04-30 05:48:44.

Flavor Version Tinstall Tcheck Ttotal Status Flags
r-devel-linux-x86_64-debian-clang 1.3-15 4.23 19.68 23.90 OK
r-devel-linux-x86_64-debian-gcc 1.3-15 3.13 20.19 23.32 OK
r-devel-linux-x86_64-fedora-clang 1.3-15 38.32 OK --no-stop-on-test-error
r-devel-linux-x86_64-fedora-gcc 1.3-15 36.84 OK --no-stop-on-test-error
r-devel-windows-ix86+x86_64 1.3-15 18.00 60.00 78.00 OK
r-patched-linux-x86_64 1.3-15 3.33 19.38 22.71 OK
r-patched-solaris-sparc 1.3-15 197.30 OK
r-patched-solaris-x86 1.3-15 49.10 OK
r-release-linux-x86_64 1.3-15 3.00 19.87 22.87 OK
r-release-windows-ix86+x86_64 1.3-15 12.00 47.00 59.00 OK
r-release-osx-x86_64 1.3-15 ERROR
r-oldrel-windows-ix86+x86_64 1.3-15 14.00 64.00 78.00 OK
r-oldrel-osx-x86_64 1.3-15 ERROR

Check Details

Version: 1.3-15
Check: whether package can be installed
Result: ERROR
    Installation failed.
Flavors: r-release-osx-x86_64, r-oldrel-osx-x86_64