CRAN Package Check Results for Package RMKL

Last updated on 2019-09-20 21:46:35 CEST.

Flavor Version Tinstall Tcheck Ttotal Status Flags
r-devel-linux-x86_64-debian-clang 1.0 42.33 45.93 88.26 OK
r-devel-linux-x86_64-debian-gcc 1.0 36.51 36.74 73.25 OK
r-devel-linux-x86_64-fedora-clang 1.0 135.65 NOTE
r-devel-linux-x86_64-fedora-gcc 1.0 121.51 NOTE
r-devel-windows-ix86+x86_64 1.0 111.00 134.00 245.00 OK
r-patched-linux-x86_64 1.0 38.25 45.62 83.87 OK
r-patched-solaris-x86 1.0 140.50 NOTE
r-release-linux-x86_64 1.0 36.96 45.61 82.57 OK
r-release-windows-ix86+x86_64 1.0 72.00 94.00 166.00 OK
r-release-osx-x86_64 1.0 NOTE
r-oldrel-windows-ix86+x86_64 1.0 72.00 83.00 155.00 OK
r-oldrel-osx-x86_64 1.0 NOTE

Additional issues

valgrind

Check Details

Version: 1.0
Check: dependencies in R code
Result: NOTE
    Namespace in Imports field not imported from: ‘e1071’
     All declared Imports should be used.
Flavors: r-devel-linux-x86_64-fedora-clang, r-devel-linux-x86_64-fedora-gcc, r-patched-solaris-x86, r-release-osx-x86_64, r-oldrel-osx-x86_64