CRAN Package Check Results for Package RLumShiny

Last updated on 2019-07-16 07:51:02 CEST.

Flavor Version Tinstall Tcheck Ttotal Status Flags
r-devel-linux-x86_64-debian-clang 0.2.2 9.13 74.03 83.16 OK
r-devel-linux-x86_64-debian-gcc 0.2.2 7.31 57.13 64.44 OK
r-devel-linux-x86_64-fedora-clang 0.2.2 99.63 NOTE
r-devel-linux-x86_64-fedora-gcc 0.2.2 95.51 NOTE
r-devel-windows-ix86+x86_64 0.2.2 31.00 111.00 142.00 OK
r-patched-linux-x86_64 0.2.2 8.21 71.46 79.67 OK
r-patched-solaris-x86 0.2.2 151.30 NOTE
r-release-linux-x86_64 0.2.2 8.99 71.54 80.53 OK
r-release-windows-ix86+x86_64 0.2.2 15.00 111.00 126.00 OK
r-release-osx-x86_64 0.2.2 NOTE
r-oldrel-windows-ix86+x86_64 0.2.2 16.00 111.00 127.00 OK
r-oldrel-osx-x86_64 0.2.2 NOTE

Check Details

Version: 0.2.2
Check: dependencies in R code
Result: NOTE
    Namespaces in Imports field not imported from:
     ‘RCarb’ ‘rmarkdown’ ‘shinyjs’
     All declared Imports should be used.
Flavors: r-devel-linux-x86_64-fedora-clang, r-devel-linux-x86_64-fedora-gcc, r-patched-solaris-x86, r-release-osx-x86_64, r-oldrel-osx-x86_64