CRAN Package Check Results for Package RLumShiny

Last updated on 2019-04-23 07:48:06 CEST.

Flavor Version Tinstall Tcheck Ttotal Status Flags
r-devel-linux-x86_64-debian-clang 0.2.2 9.15 73.50 82.65 OK
r-devel-linux-x86_64-debian-gcc 0.2.2 7.59 56.04 63.63 OK
r-devel-linux-x86_64-fedora-clang 0.2.2 104.92 NOTE
r-devel-linux-x86_64-fedora-gcc 0.2.2 90.53 NOTE
r-devel-windows-ix86+x86_64 0.2.2 22.00 111.00 133.00 OK
r-patched-linux-x86_64 0.2.2 7.34 72.08 79.42 OK
r-patched-solaris-x86 0.2.2 144.90 NOTE
r-release-linux-x86_64 0.2.2 5.65 69.14 74.79 OK
r-release-windows-ix86+x86_64 0.2.2 11.00 78.00 89.00 OK
r-release-osx-x86_64 0.2.2 NOTE
r-oldrel-windows-ix86+x86_64 0.2.2 22.00 104.00 126.00 OK
r-oldrel-osx-x86_64 0.2.2 NOTE

Check Details

Version: 0.2.2
Check: dependencies in R code
Result: NOTE
    Namespaces in Imports field not imported from:
     ‘RCarb’ ‘rmarkdown’ ‘shinyjs’
     All declared Imports should be used.
Flavors: r-devel-linux-x86_64-fedora-clang, r-devel-linux-x86_64-fedora-gcc, r-patched-solaris-x86, r-release-osx-x86_64, r-oldrel-osx-x86_64