CRAN Package Check Results for Package RIdeogram

Last updated on 2019-06-15 21:54:44 CEST.

Flavor Version Tinstall Tcheck Ttotal Status Flags
r-devel-linux-x86_64-debian-clang 0.1.1 5.24 48.94 54.18 NOTE
r-devel-linux-x86_64-debian-gcc 0.1.1 4.20 38.13 42.33 NOTE
r-devel-linux-x86_64-fedora-clang 0.1.1 65.67 NOTE
r-devel-linux-x86_64-fedora-gcc 0.1.1 62.16 NOTE
r-devel-windows-ix86+x86_64 0.1.1 17.00 88.00 105.00 OK
r-patched-linux-x86_64 0.1.1 4.96 47.34 52.30 OK
r-release-linux-x86_64 0.1.1 5.15 48.00 53.15 OK
r-release-windows-ix86+x86_64 0.1.1 12.00 65.00 77.00 OK
r-release-osx-x86_64 0.1.1 OK
r-oldrel-windows-ix86+x86_64 0.1.1 9.00 87.00 96.00 OK
r-oldrel-osx-x86_64 0.1.1 OK

Check Details

Version: 0.1.1
Check: for non-standard things in the check directory
Result: NOTE
    Found the following files/directories:
     'chromosome.png' 'chromosome.svg'
Flavors: r-devel-linux-x86_64-debian-clang, r-devel-linux-x86_64-debian-gcc, r-devel-linux-x86_64-fedora-clang, r-devel-linux-x86_64-fedora-gcc