CRAN Package Check Results for Package RGraphics

Last updated on 2018-11-18 10:50:13 CET.

Flavor Version Tinstall Tcheck Ttotal Status Flags
r-devel-linux-x86_64-debian-clang 2.0-14 10.30 63.81 74.11 NOTE
r-devel-linux-x86_64-debian-gcc 2.0-14 8.15 50.35 58.50 NOTE
r-devel-linux-x86_64-fedora-clang 2.0-14 84.48 NOTE
r-devel-linux-x86_64-fedora-gcc 2.0-14 81.26 NOTE
r-devel-windows-ix86+x86_64 2.0-14 18.00 96.00 114.00 NOTE
r-patched-linux-x86_64 2.0-14 8.82 61.50 70.32 NOTE
r-patched-solaris-x86 2.0-14 113.80 NOTE
r-release-linux-x86_64 2.0-14 7.85 62.71 70.56 NOTE
r-release-windows-ix86+x86_64 2.0-14 21.00 74.00 95.00 NOTE
r-release-osx-x86_64 2.0-14 NOTE
r-oldrel-windows-ix86+x86_64 2.0-14 13.00 108.00 121.00 NOTE
r-oldrel-osx-x86_64 2.0-14 NOTE

Check Details

Version: 2.0-14
Check: package dependencies
Result: NOTE
    Package suggested but not available for checking: ‘pmg’
Flavors: r-devel-linux-x86_64-debian-clang, r-devel-linux-x86_64-debian-gcc, r-devel-linux-x86_64-fedora-clang, r-devel-linux-x86_64-fedora-gcc, r-patched-linux-x86_64, r-release-linux-x86_64

Version: 2.0-14
Check: dependencies in R code
Result: NOTE
    Rjava.init.warning: stack size reduced from unlimited to 7953613 bytes after JVM initialization.
Flavors: r-devel-linux-x86_64-debian-clang, r-devel-linux-x86_64-debian-gcc, r-devel-linux-x86_64-fedora-clang, r-devel-linux-x86_64-fedora-gcc, r-patched-linux-x86_64, r-release-linux-x86_64

Version: 2.0-14
Check: installed package size
Result: NOTE
     installed size is 9.9Mb
     sub-directories of 1Mb or more:
     extra 9.4Mb
Flavors: r-devel-linux-x86_64-fedora-clang, r-devel-windows-ix86+x86_64, r-patched-solaris-x86, r-release-windows-ix86+x86_64, r-release-osx-x86_64, r-oldrel-windows-ix86+x86_64, r-oldrel-osx-x86_64

Version: 2.0-14
Check: package dependencies
Result: NOTE
    Packages suggested but not available for checking: 'pmg', 'SVGAnnotation'
Flavor: r-devel-windows-ix86+x86_64

Version: 2.0-14
Check: package dependencies
Result: NOTE
    Packages suggested but not available for checking: ‘pmg’ ‘rggobi’
Flavor: r-patched-solaris-x86

Version: 2.0-14
Check: package dependencies
Result: NOTE
    Packages suggested but not available for checking: 'pmg' 'SVGAnnotation'
Flavor: r-release-windows-ix86+x86_64

Version: 2.0-14
Check: package dependencies
Result: NOTE
    Packages suggested but not available for checking:
     ‘gWidgetsRGtk2’ ‘hyperdraw’ ‘hypergraph’ ‘playwith’ ‘pmg’ ‘rggobi’
     ‘SVGAnnotation’
Flavor: r-release-osx-x86_64

Version: 2.0-14
Check: package dependencies
Result: NOTE
    Packages suggested but not available for checking:
     ‘graph’ ‘gWidgetsRGtk2’ ‘hyperdraw’ ‘hypergraph’ ‘playwith’ ‘pmg’
     ‘rgdal’ ‘rggobi’ ‘Rgraphviz’ ‘SVGAnnotation’
Flavor: r-oldrel-osx-x86_64