CRAN Package Check Results for Package RCzechia

Last updated on 2019-06-15 22:58:54 CEST.

Flavor Version Tinstall Tcheck Ttotal Status Flags
r-devel-linux-x86_64-debian-clang 1.4.0 2.38 119.95 122.33 ERROR
r-devel-linux-x86_64-debian-gcc 1.4.0 1.96 88.72 90.68 OK
r-devel-linux-x86_64-fedora-clang 1.4.0 159.53 OK
r-devel-linux-x86_64-fedora-gcc 1.4.0 151.10 OK
r-devel-windows-ix86+x86_64 1.4.0 7.00 237.00 244.00 OK
r-patched-linux-x86_64 1.4.0 2.08 114.23 116.31 OK
r-patched-solaris-x86 1.4.0 284.50 OK
r-release-linux-x86_64 1.4.0 2.45 114.98 117.43 OK
r-release-windows-ix86+x86_64 1.4.0 6.00 212.00 218.00 OK
r-release-osx-x86_64 1.4.0 OK
r-oldrel-windows-ix86+x86_64 1.4.0 3.00 237.00 240.00 OK
r-oldrel-osx-x86_64 1.4.0 OK

Check Details

Version: 1.4.0
Check: whether package can be installed
Result: WARN
    Found the following significant warnings:
     Warning: unable to re-encode 'geocode.R' line 105
Flavor: r-devel-linux-x86_64-debian-clang

Version: 1.4.0
Check: examples
Result: ERROR
    Running examples in 'RCzechia-Ex.R' failed
    The error most likely occurred in:
    
    > base::assign(".ptime", proc.time(), pos = "CheckExEnv")
    > ### Name: geocode
    > ### Title: Geocode a Czech Address
    > ### Aliases: geocode
    >
    > ### ** Examples
    >
    > <ERROR: re-encoding failure from encoding 'UTF-8'>
    asdf <- geocode("Pod sídlišt...
    +
    +
    +
    +
    + base::assign(".dptime", (proc.time() - get(".ptime", pos = "CheckExEnv")), pos = "CheckExEnv")
    Error: unexpected symbol in:
    "
    base::assign(".dptime"
    Execution halted
Flavor: r-devel-linux-x86_64-debian-clang