CRAN Package Check Results for Package RClone

Last updated on 2019-09-19 14:46:56 CEST.

Flavor Version Tinstall Tcheck Ttotal Status Flags
r-devel-linux-x86_64-debian-clang 1.0.2 8.08 215.76 223.84 NOTE
r-devel-linux-x86_64-debian-gcc 1.0.2 6.46 149.80 156.26 NOTE
r-devel-linux-x86_64-fedora-clang 1.0.2 254.50 NOTE
r-devel-linux-x86_64-fedora-gcc 1.0.2 260.54 NOTE
r-devel-windows-ix86+x86_64 1.0.2 15.00 252.00 267.00 OK
r-patched-linux-x86_64 1.0.2 6.35 208.39 214.74 OK
r-patched-solaris-x86 1.0.2 271.10 OK
r-release-linux-x86_64 1.0.2 5.95 210.47 216.42 OK
r-release-windows-ix86+x86_64 1.0.2 11.00 173.00 184.00 OK
r-release-osx-x86_64 1.0.2 OK
r-oldrel-windows-ix86+x86_64 1.0.2 9.00 174.00 183.00 OK
r-oldrel-osx-x86_64 1.0.2 OK

Check Details

Version: 1.0.2
Check: for non-standard things in the check directory
Result: NOTE
    Found the following files/directories:
     'file1.arp' 'file2.arp' 'test.txt' 'test2.txt'
Flavors: r-devel-linux-x86_64-debian-clang, r-devel-linux-x86_64-debian-gcc, r-devel-linux-x86_64-fedora-clang, r-devel-linux-x86_64-fedora-gcc