CRAN Package Check Results for Package RCAL

Last updated on 2019-05-24 06:48:02 CEST.

Flavor Version Tinstall Tcheck Ttotal Status Flags
r-devel-linux-x86_64-debian-clang 1.0 3.09 425.37 428.46 OK
r-devel-linux-x86_64-debian-gcc 1.0 3.22 290.78 294.00 OK
r-devel-linux-x86_64-fedora-clang 1.0 480.64 OK
r-devel-linux-x86_64-fedora-gcc 1.0 472.11 OK
r-devel-windows-ix86+x86_64 1.0 22.00 523.00 545.00 OK
r-patched-linux-x86_64 1.0 3.09 404.92 408.01 OK
r-patched-solaris-x86 1.0 1217.40 OK
r-release-linux-x86_64 1.0 3.12 412.65 415.77 OK
r-release-windows-ix86+x86_64 1.0 10.00 539.00 549.00 OK
r-release-osx-x86_64 1.0 FAIL
r-oldrel-windows-ix86+x86_64 1.0 6.00 438.00 444.00 OK
r-oldrel-osx-x86_64 1.0 OK

Check Details

Version: 1.0
Check: re-building of vignette outputs
Result: NOTE
    Error(s) in re-building vignettes:
     ...
    --- re-building ‘RCAL-vig.Rnw’ using Sweave
    Loading required package: trust
    
    Execution halted
Flavor: r-release-osx-x86_64

Version: 1.0
Check: PDF version of manual
Result: FAIL
    
Flavor: r-release-osx-x86_64