CRAN Package Check Results for Package RCAL

Last updated on 2019-08-19 11:49:11 CEST.

Flavor Version Tinstall Tcheck Ttotal Status Flags
r-devel-linux-x86_64-debian-clang 1.0 3.90 421.82 425.72 OK
r-devel-linux-x86_64-debian-gcc 1.0 3.12 298.62 301.74 OK
r-devel-linux-x86_64-fedora-clang 1.0 485.87 OK
r-devel-linux-x86_64-fedora-gcc 1.0 486.03 OK
r-devel-windows-ix86+x86_64 1.0 11.00 549.00 560.00 OK
r-patched-linux-x86_64 1.0 3.39 402.76 406.15 OK
r-patched-solaris-x86 1.0 1249.40 OK
r-release-linux-x86_64 1.0 3.35 407.80 411.15 OK
r-release-windows-ix86+x86_64 1.0 8.00 533.00 541.00 OK
r-release-osx-x86_64 1.0 FAIL
r-oldrel-windows-ix86+x86_64 1.0 6.00 438.00 444.00 OK
r-oldrel-osx-x86_64 1.0 OK

Check Details

Version: 1.0
Check: re-building of vignette outputs
Result: NOTE
    Error(s) in re-building vignettes:
     ...
    --- re-building ‘RCAL-vig.Rnw’ using Sweave
    Loading required package: trust
    
    Execution halted
Flavor: r-release-osx-x86_64

Version: 1.0
Check: PDF version of manual
Result: FAIL
    
Flavor: r-release-osx-x86_64