CRAN Package Check Results for Package R2HTML

Last updated on 2018-11-18 10:50:11 CET.

Flavor Version Tinstall Tcheck Ttotal Status Flags
r-devel-linux-x86_64-debian-clang 2.3.2 5.11 37.32 42.43 OK
r-devel-linux-x86_64-debian-gcc 2.3.2 3.89 29.59 33.48 OK
r-devel-linux-x86_64-fedora-clang 2.3.2 50.61 OK
r-devel-linux-x86_64-fedora-gcc 2.3.2 48.53 OK
r-devel-windows-ix86+x86_64 2.3.2 13.00 57.00 70.00 ERROR
r-patched-linux-x86_64 2.3.2 5.75 35.51 41.26 OK
r-patched-solaris-x86 2.3.2 64.70 OK
r-release-linux-x86_64 2.3.2 5.87 35.99 41.86 OK
r-release-windows-ix86+x86_64 2.3.2 13.00 62.00 75.00 OK
r-release-osx-x86_64 2.3.2 OK
r-oldrel-windows-ix86+x86_64 2.3.2 6.00 60.00 66.00 OK
r-oldrel-osx-x86_64 2.3.2 OK

Check Details

Version: 2.3.2
Check: examples
Result: ERROR
    Running examples in 'R2HTML-Ex.R' failed
    The error most likely occurred in:
    
    > ### Name: HTM2clip
    > ### Title: Wrapper around HTML() to save output to the clipboard
    > ### Aliases: HTML2clip
    > ### Keywords: print IO file
    >
    > ### ** Examples
    >
    > if (.Platform$OS == "windows")
    + HTML2clip(summary(lm(rating ~., attitude)))
    >
    >
    >
    > cleanEx()
    Error: connections left open:
     clipboard (clipboard)
    Execution halted
Flavor: r-devel-windows-ix86+x86_64