CRAN Package Check Results for Package R2HTML

Last updated on 2018-08-21 22:50:08 CEST.

Flavor Version Tinstall Tcheck Ttotal Status Flags
r-devel-linux-x86_64-debian-clang 2.3.2 6.71 37.70 44.41 OK
r-devel-linux-x86_64-debian-gcc 2.3.2 5.31 29.78 35.09 OK
r-devel-linux-x86_64-fedora-clang 2.3.2 50.80 OK
r-devel-linux-x86_64-fedora-gcc 2.3.2 49.71 OK
r-devel-windows-ix86+x86_64 2.3.2 14.00 59.00 73.00 ERROR
r-patched-linux-x86_64 2.3.2 4.92 35.80 40.72 OK
r-patched-solaris-x86 2.3.2 66.20 OK
r-release-linux-x86_64 2.3.2 5.43 36.01 41.44 OK
r-release-windows-ix86+x86_64 2.3.2 13.00 46.00 59.00 OK
r-release-osx-x86_64 2.3.2 OK
r-oldrel-windows-ix86+x86_64 2.3.2 4.00 60.00 64.00 OK
r-oldrel-osx-x86_64 2.3.2 OK

Check Details

Version: 2.3.2
Check: examples
Result: ERROR
    Running examples in 'R2HTML-Ex.R' failed
    The error most likely occurred in:
    
    > ### Name: HTM2clip
    > ### Title: Wrapper around HTML() to save output to the clipboard
    > ### Aliases: HTML2clip
    > ### Keywords: print IO file
    >
    > ### ** Examples
    >
    > if (.Platform$OS == "windows")
    + HTML2clip(summary(lm(rating ~., attitude)))
    >
    >
    >
    > cleanEx()
    Error: connections left open:
     clipboard (clipboard)
    Execution halted
Flavor: r-devel-windows-ix86+x86_64