CRAN Package Check Results for Package R2HTML

Last updated on 2019-08-26 10:48:25 CEST.

Flavor Version Tinstall Tcheck Ttotal Status Flags
r-devel-linux-x86_64-debian-clang 2.3.2 5.78 37.98 43.76 NOTE
r-devel-linux-x86_64-debian-gcc 2.3.2 5.51 29.83 35.34 NOTE
r-devel-linux-x86_64-fedora-clang 2.3.2 55.26 NOTE
r-devel-linux-x86_64-fedora-gcc 2.3.2 53.56 NOTE
r-devel-windows-ix86+x86_64 2.3.2 24.00 47.00 71.00 OK
r-patched-linux-x86_64 2.3.2 6.48 37.78 44.26 OK
r-patched-solaris-x86 2.3.2 77.30 OK
r-release-linux-x86_64 2.3.2 5.74 38.37 44.11 OK
r-release-windows-ix86+x86_64 2.3.2 12.00 67.00 79.00 OK
r-release-osx-x86_64 2.3.2 OK
r-oldrel-windows-ix86+x86_64 2.3.2 17.00 65.00 82.00 OK
r-oldrel-osx-x86_64 2.3.2 OK

Check Details

Version: 2.3.2
Check: for non-standard things in the check directory
Result: NOTE
    Found the following files/directories:
     'output.html'
Flavors: r-devel-linux-x86_64-debian-clang, r-devel-linux-x86_64-debian-gcc, r-devel-linux-x86_64-fedora-clang, r-devel-linux-x86_64-fedora-gcc