CRAN Package Check Results for Package QTLRel

Last updated on 2019-03-24 11:51:36 CET.

Flavor Version Tinstall Tcheck Ttotal Status Flags
r-devel-linux-x86_64-debian-clang 1.0 10.50 50.43 60.93 OK
r-devel-linux-x86_64-debian-gcc 1.0 8.01 39.04 47.05 OK
r-devel-linux-x86_64-fedora-clang 1.0 73.05 OK
r-devel-linux-x86_64-fedora-gcc 1.0 68.75 OK
r-devel-windows-ix86+x86_64 1.0 30.00 100.00 130.00 OK
r-patched-linux-x86_64 1.0 8.55 47.43 55.98 OK
r-patched-solaris-x86 1.0 88.30 OK
r-release-linux-x86_64 1.0 0.30 2.29 2.59 ERROR
r-release-windows-ix86+x86_64 1.0 21.00 67.00 88.00 OK
r-release-osx-x86_64 1.0 OK
r-oldrel-windows-ix86+x86_64 1.0 14.00 96.00 110.00 OK
r-oldrel-osx-x86_64 1.0 OK

Check Details

Version: 1.0
Check: whether package can be installed
Result: ERROR
    Installation failed.
Flavor: r-release-linux-x86_64