CRAN Package Check Results for Package QCEWAS

Last updated on 2019-09-15 19:49:11 CEST.

Flavor Version Tinstall Tcheck Ttotal Status Flags
r-devel-linux-x86_64-debian-clang 1.2-2 3.10 24.04 27.14 NOTE
r-devel-linux-x86_64-debian-gcc 1.2-2 2.32 19.21 21.53 NOTE
r-devel-linux-x86_64-fedora-clang 1.2-2 31.92 NOTE
r-devel-linux-x86_64-fedora-gcc 1.2-2 31.59 NOTE
r-devel-windows-ix86+x86_64 1.2-2 10.00 46.00 56.00 OK
r-patched-linux-x86_64 1.2-2 2.85 23.96 26.81 OK
r-patched-solaris-x86 1.2-2 48.90 OK
r-release-linux-x86_64 1.2-2 2.61 24.12 26.73 OK
r-release-windows-ix86+x86_64 1.2-2 6.00 45.00 51.00 OK
r-release-osx-x86_64 1.2-2 OK
r-oldrel-windows-ix86+x86_64 1.2-2 4.00 31.00 35.00 OK
r-oldrel-osx-x86_64 1.2-2 OK

Check Details

Version: 1.2-2
Check: for non-standard things in the check directory
Result: NOTE
    Found the following files/directories:
     'EWAS_QC_graph_effectsize.png' 'EWAS_QC_graph_precision.png'
     'EWAS_QC_legend.txt' 'sample1.txt.gz' 'sample2.txt.gz'
     'sample_map.txt.gz' 'sample_output.graph_M.png'
     'sample_output.graph_QQ.png' 'sample_output.graph_p.png'
     'sample_output.graph_volcano.png' 'sample_output.histo.png'
     'sample_output.txt' 'sample_output1.graph_M.png'
     'sample_output1.graph_QQ.png' 'sample_output1.graph_p.png'
     'sample_output1.graph_volcano.png' 'sample_output1.histo.png'
     'sample_output2.graph_M.png' 'sample_output2.graph_QQ.png'
     'sample_output2.graph_p.png' 'sample_output2.graph_volcano.png'
     'sample_output2.histo.png' 'translation_table.txt'
Flavors: r-devel-linux-x86_64-debian-clang, r-devel-linux-x86_64-debian-gcc, r-devel-linux-x86_64-fedora-clang, r-devel-linux-x86_64-fedora-gcc