CRAN Package Check Results for Package QCEWAS

Last updated on 2020-01-22 15:49:14 CET.

Flavor Version Tinstall Tcheck Ttotal Status Flags
r-devel-linux-x86_64-debian-clang 1.2-2 3.28 24.84 28.12 NOTE
r-devel-linux-x86_64-debian-gcc 1.2-2 2.69 19.77 22.46 NOTE
r-devel-linux-x86_64-fedora-clang 1.2-2 34.90 NOTE
r-devel-linux-x86_64-fedora-gcc 1.2-2 33.87 NOTE
r-devel-windows-ix86+x86_64 1.2-2 11.00 50.00 61.00 OK
r-devel-windows-ix86+x86_64-gcc8 1.2-2 7.00 35.00 42.00 OK
r-patched-linux-x86_64 1.2-2 2.75 23.09 25.84 OK
r-patched-solaris-x86 1.2-2 47.00 OK
r-release-linux-x86_64 1.2-2 2.55 23.07 25.62 OK
r-release-windows-ix86+x86_64 1.2-2 6.00 45.00 51.00 OK
r-release-osx-x86_64 1.2-2 OK
r-oldrel-windows-ix86+x86_64 1.2-2 4.00 31.00 35.00 OK
r-oldrel-osx-x86_64 1.2-2 OK

Check Details

Version: 1.2-2
Check: for non-standard things in the check directory
Result: NOTE
    Found the following files/directories:
     'EWAS_QC_graph_effectsize.png' 'EWAS_QC_graph_precision.png'
     'EWAS_QC_legend.txt' 'sample1.txt.gz' 'sample2.txt.gz'
     'sample_map.txt.gz' 'sample_output.graph_M.png'
     'sample_output.graph_QQ.png' 'sample_output.graph_p.png'
     'sample_output.graph_volcano.png' 'sample_output.histo.png'
     'sample_output.txt' 'sample_output1.graph_M.png'
     'sample_output1.graph_QQ.png' 'sample_output1.graph_p.png'
     'sample_output1.graph_volcano.png' 'sample_output1.histo.png'
     'sample_output2.graph_M.png' 'sample_output2.graph_QQ.png'
     'sample_output2.graph_p.png' 'sample_output2.graph_volcano.png'
     'sample_output2.histo.png' 'translation_table.txt'
Flavors: r-devel-linux-x86_64-debian-clang, r-devel-linux-x86_64-debian-gcc, r-devel-linux-x86_64-fedora-clang, r-devel-linux-x86_64-fedora-gcc