CRAN Package Check Results for Package ProFound

Last updated on 2020-01-20 22:51:52 CET.

Flavor Version Tinstall Tcheck Ttotal Status Flags
r-devel-linux-x86_64-debian-clang 1.3.4 34.25 88.37 122.62 OK
r-devel-linux-x86_64-debian-gcc 1.3.4 23.64 64.43 88.07 OK
r-devel-linux-x86_64-fedora-clang 1.3.4 152.99 NOTE
r-devel-linux-x86_64-fedora-gcc 1.3.4 146.14 OK
r-devel-windows-ix86+x86_64 1.3.4 90.00 175.00 265.00 OK
r-devel-windows-ix86+x86_64-gcc8 1.3.4 63.00 129.00 192.00 NOTE
r-patched-linux-x86_64 1.3.4 28.09 78.36 106.45 OK
r-patched-solaris-x86 1.3.4 176.60 OK
r-release-linux-x86_64 1.3.4 27.51 78.83 106.34 OK
r-release-windows-ix86+x86_64 1.3.4 84.00 118.00 202.00 OK
r-release-osx-x86_64 1.3.4 NOTE
r-oldrel-windows-ix86+x86_64 1.3.4 61.00 104.00 165.00 OK
r-oldrel-osx-x86_64 1.3.4 OK

Check Details

Version: 1.3.4
Check: package dependencies
Result: NOTE
    Suggests orphaned package: ‘imager’
Flavor: r-devel-linux-x86_64-fedora-clang

Version: 1.3.4
Check: installed package size
Result: NOTE
     installed size is 5.2Mb
     sub-directories of 1Mb or more:
     data 1.7Mb
     libs 2.1Mb
Flavor: r-devel-windows-ix86+x86_64-gcc8

Version: 1.3.4
Check: package dependencies
Result: NOTE
    Package suggested but not available for checking: ‘EBImage’
Flavor: r-release-osx-x86_64