CRAN Package Check Results for Package ProFound

Last updated on 2019-09-15 15:47:31 CEST.

Flavor Version Tinstall Tcheck Ttotal Status Flags
r-devel-linux-x86_64-debian-clang 1.3.4 31.75 78.75 110.50 OK
r-devel-linux-x86_64-debian-gcc 1.3.4 26.07 62.15 88.22 OK
r-devel-linux-x86_64-fedora-clang 1.3.4 150.98 OK
r-devel-linux-x86_64-fedora-gcc 1.3.4 140.18 OK
r-devel-windows-ix86+x86_64 1.3.4 88.00 124.00 212.00 OK
r-patched-linux-x86_64 1.3.4 29.68 78.74 108.42 OK
r-patched-solaris-x86 1.3.4 180.50 OK
r-release-linux-x86_64 1.3.4 30.71 78.29 109.00 OK
r-release-windows-ix86+x86_64 1.3.4 57.00 116.00 173.00 OK
r-release-osx-x86_64 1.3.4 NOTE
r-oldrel-windows-ix86+x86_64 1.3.4 76.00 106.00 182.00 OK
r-oldrel-osx-x86_64 1.3.4 OK

Check Details

Version: 1.3.4
Check: package dependencies
Result: NOTE
    Package suggested but not available for checking: ‘EBImage’
Flavor: r-release-osx-x86_64