CRAN Package Check Results for Package Paneldata

Last updated on 2019-09-19 10:47:58 CEST.

Flavor Version Tinstall Tcheck Ttotal Status Flags
r-devel-linux-x86_64-debian-clang 1.0 1.70 16.49 18.19 NOTE
r-devel-linux-x86_64-debian-gcc 1.0 1.60 13.52 15.12 NOTE
r-devel-linux-x86_64-fedora-clang 1.0 23.44 NOTE
r-devel-linux-x86_64-fedora-gcc 1.0 22.29 NOTE
r-devel-windows-ix86+x86_64 1.0 8.00 38.00 46.00 NOTE
r-patched-linux-x86_64 1.0 1.18 16.33 17.51 NOTE
r-patched-solaris-x86 1.0 37.30 NOTE
r-release-linux-x86_64 1.0 1.47 16.53 18.00 NOTE
r-release-windows-ix86+x86_64 1.0 4.00 38.00 42.00 NOTE
r-release-osx-x86_64 1.0 NOTE
r-oldrel-windows-ix86+x86_64 1.0 2.00 27.00 29.00 NOTE
r-oldrel-osx-x86_64 1.0 NOTE

Check Details

Version: 1.0
Check: DESCRIPTION meta-information
Result: NOTE
    Malformed Description field: should contain one or more complete sentences.
Flavors: r-devel-linux-x86_64-debian-clang, r-devel-linux-x86_64-debian-gcc, r-devel-linux-x86_64-fedora-clang, r-devel-linux-x86_64-fedora-gcc, r-devel-windows-ix86+x86_64, r-patched-linux-x86_64, r-patched-solaris-x86, r-release-linux-x86_64, r-release-windows-ix86+x86_64, r-release-osx-x86_64, r-oldrel-windows-ix86+x86_64, r-oldrel-osx-x86_64

Version: 1.0
Check: R code for possible problems
Result: NOTE
    Paneldata.formula: no visible global function definition for
     'model.frame'
    Paneldata.formula: no visible global function definition for
     'model.matrix'
    Paneldata.formula: no visible global function definition for
     'model.response'
    summary.Paneldata: no visible global function definition for 'coef'
    summary.Paneldata: no visible global function definition for 'pt'
    Undefined global functions or variables:
     coef model.frame model.matrix model.response pt
    Consider adding
     importFrom("stats", "coef", "model.frame", "model.matrix",
     "model.response", "pt")
    to your NAMESPACE file.
Flavors: r-devel-linux-x86_64-debian-clang, r-devel-linux-x86_64-debian-gcc, r-devel-linux-x86_64-fedora-clang, r-devel-linux-x86_64-fedora-gcc, r-devel-windows-ix86+x86_64, r-patched-linux-x86_64, r-patched-solaris-x86, r-release-linux-x86_64, r-release-windows-ix86+x86_64, r-release-osx-x86_64, r-oldrel-windows-ix86+x86_64, r-oldrel-osx-x86_64