CRAN Package Check Results for Package PWFSLSmoke

Last updated on 2018-11-18 10:50:11 CET.

Flavor Version Tinstall Tcheck Ttotal Status Flags
r-devel-linux-x86_64-debian-clang 1.1.3 11.48 90.51 101.99 OK --no-vignettes
r-devel-linux-x86_64-debian-gcc 1.1.3 9.87 73.62 83.49 OK --no-vignettes
r-devel-linux-x86_64-fedora-clang 1.1.3 121.75 OK --no-vignettes
r-devel-linux-x86_64-fedora-gcc 1.1.3 116.98 OK --no-vignettes
r-devel-windows-ix86+x86_64 1.1.3 27.00 241.00 268.00 OK
r-patched-linux-x86_64 1.1.3 12.96 85.29 98.25 OK --no-vignettes
r-patched-solaris-x86 1.1.3 169.10 OK --no-vignettes
r-release-linux-x86_64 1.1.3 11.86 86.64 98.50 OK --no-vignettes
r-release-windows-ix86+x86_64 1.1.3 28.00 252.00 280.00 OK
r-release-osx-x86_64 1.1.3 WARN
r-oldrel-windows-ix86+x86_64 1.1.3 13.00 187.00 200.00 OK
r-oldrel-osx-x86_64 1.1.3 OK

Check Details

Version: 1.1.3
Check: whether package can be installed
Result: WARN
    Found the following significant warnings:
     Warning: package ‘dplyr’ was built under R version 3.5.1
Flavor: r-release-osx-x86_64