CRAN Package Check Results for Package PWFSLSmoke

Last updated on 2018-08-22 06:46:59 CEST.

Flavor Version Tinstall Tcheck Ttotal Status Flags
r-devel-linux-x86_64-debian-clang 1.0.20 11.39 106.26 117.65 OK
r-devel-linux-x86_64-debian-gcc 1.0.20 11.11 86.37 97.48 OK
r-devel-linux-x86_64-fedora-clang 1.0.20 142.03 OK
r-devel-linux-x86_64-fedora-gcc 1.0.20 136.72 OK
r-devel-windows-ix86+x86_64 1.0.20 16.00 162.00 178.00 OK
r-patched-linux-x86_64 1.0.20 9.61 94.26 103.87 WARN
r-patched-solaris-x86 1.0.20 196.10 OK
r-release-linux-x86_64 1.0.20 10.83 96.55 107.38 OK
r-release-windows-ix86+x86_64 1.0.20 22.00 153.00 175.00 OK
r-release-osx-x86_64 1.0.20 OK
r-oldrel-windows-ix86+x86_64 1.0.20 11.00 179.00 190.00 OK
r-oldrel-osx-x86_64 1.0.20 OK

Check Details

Version: 1.0.20
Check: re-building of vignette outputs
Result: WARN
    Error in re-building vignettes:
     ...
    Quitting from lines 126-132 (Maps_and_Timeseries_Plots.Rmd)
    Error: processing vignette ‘Maps_and_Timeseries_Plots.Rmd’ failed with diagnostics:
    cannot open URL ‘http://maps.google.com/maps/api/staticmap?center=47,-118&zoom=7&size=640x640&maptype=roadmap&format=png32&sensor=true’
    Execution halted
Flavor: r-patched-linux-x86_64