CRAN Package Check Results for Package PUlasso

Last updated on 2019-06-18 18:54:58 CEST.

Flavor Version Tinstall Tcheck Ttotal Status Flags
r-devel-linux-x86_64-debian-clang 3.2.3 171.08 89.95 261.03 OK
r-devel-linux-x86_64-debian-gcc 3.2.3 137.37 72.45 209.82 OK
r-devel-linux-x86_64-fedora-clang 3.2.3 398.40 NOTE
r-devel-linux-x86_64-fedora-gcc 3.2.3 343.23 OK
r-devel-windows-ix86+x86_64 3.2.3 380.00 219.00 599.00 OK
r-patched-linux-x86_64 3.2.3 163.08 92.16 255.24 OK
r-patched-solaris-x86 3.2.3 345.30 OK
r-release-linux-x86_64 3.2.3 160.34 92.71 253.05 OK
r-release-windows-ix86+x86_64 3.2.3 387.00 208.00 595.00 OK
r-release-osx-x86_64 3.2.3 NOTE
r-oldrel-windows-ix86+x86_64 3.2.3 275.00 222.00 497.00 OK
r-oldrel-osx-x86_64 3.2.3 NOTE

Check Details

Version: 3.2.3
Check: installed package size
Result: NOTE
     installed size is 33.9Mb
     sub-directories of 1Mb or more:
     libs 33.4Mb
Flavors: r-devel-linux-x86_64-fedora-clang, r-release-osx-x86_64, r-oldrel-osx-x86_64