CRAN Package Check Results for Package PUlasso

Last updated on 2019-09-17 22:48:15 CEST.

Flavor Version Tinstall Tcheck Ttotal Status Flags
r-devel-linux-x86_64-debian-clang 3.2.3 174.28 88.30 262.58 OK
r-devel-linux-x86_64-debian-gcc 3.2.3 144.14 70.21 214.35 OK
r-devel-linux-x86_64-fedora-clang 3.2.3 386.66 NOTE
r-devel-linux-x86_64-fedora-gcc 3.2.3 377.60 OK
r-devel-windows-ix86+x86_64 3.2.3 419.00 225.00 644.00 OK
r-patched-linux-x86_64 3.2.3 153.69 90.17 243.86 OK
r-patched-solaris-x86 3.2.3 341.90 OK
r-release-linux-x86_64 3.2.3 155.42 89.62 245.04 OK
r-release-windows-ix86+x86_64 3.2.3 280.00 152.00 432.00 OK
r-release-osx-x86_64 3.2.3 NOTE
r-oldrel-windows-ix86+x86_64 3.2.3 395.00 168.00 563.00 OK
r-oldrel-osx-x86_64 3.2.3 NOTE

Check Details

Version: 3.2.3
Check: installed package size
Result: NOTE
     installed size is 34.0Mb
     sub-directories of 1Mb or more:
     libs 33.5Mb
Flavors: r-devel-linux-x86_64-fedora-clang, r-release-osx-x86_64, r-oldrel-osx-x86_64