CRAN Package Check Results for Package PSF

Last updated on 2018-07-21 14:47:40 CEST.

Flavor Version Tinstall Tcheck Ttotal Status Flags
r-devel-linux-x86_64-debian-clang 0.4 0.94 44.46 45.40 OK
r-devel-linux-x86_64-debian-gcc 0.4 1.10 34.01 35.11 OK
r-devel-linux-x86_64-fedora-clang 0.4 53.49 NOTE
r-devel-linux-x86_64-fedora-gcc 0.4 51.77 NOTE
r-devel-windows-ix86+x86_64 0.4 4.00 76.00 80.00 OK
r-patched-linux-x86_64 0.4 OK
r-patched-solaris-x86 0.4 74.10 NOTE
r-release-linux-x86_64 0.4 1.02 41.39 42.41 OK
r-release-windows-ix86+x86_64 0.4 5.00 77.00 82.00 OK
r-release-osx-x86_64 0.4 NOTE
r-oldrel-windows-ix86+x86_64 0.4 3.00 66.00 69.00 OK
r-oldrel-osx-x86_64 0.4 NOTE

Check Details

Version: 0.4
Check: dependencies in R code
Result: NOTE
    Namespaces in Imports field not imported from:
     ‘forecast’ ‘knitr’
     All declared Imports should be used.
Flavors: r-devel-linux-x86_64-fedora-clang, r-devel-linux-x86_64-fedora-gcc, r-patched-solaris-x86, r-release-osx-x86_64, r-oldrel-osx-x86_64