CRAN Package Check Results for Package PSF

Last updated on 2018-10-20 09:55:11 CEST.

Flavor Version Tinstall Tcheck Ttotal Status Flags
r-devel-linux-x86_64-debian-clang 0.4 1.53 46.10 47.63 OK
r-devel-linux-x86_64-debian-gcc 0.4 1.25 35.84 37.09 OK
r-devel-linux-x86_64-fedora-clang 0.4 56.10 NOTE
r-devel-linux-x86_64-fedora-gcc 0.4 53.81 NOTE
r-devel-windows-ix86+x86_64 0.4 6.00 74.00 80.00 OK
r-patched-linux-x86_64 0.4 1.31 41.19 42.50 OK
r-patched-solaris-x86 0.4 74.60 NOTE
r-release-linux-x86_64 0.4 0.87 41.34 42.21 OK
r-release-windows-ix86+x86_64 0.4 5.00 75.00 80.00 OK
r-release-osx-x86_64 0.4 NOTE
r-oldrel-windows-ix86+x86_64 0.4 4.00 78.00 82.00 OK
r-oldrel-osx-x86_64 0.4 NOTE

Check Details

Version: 0.4
Check: dependencies in R code
Result: NOTE
    Namespaces in Imports field not imported from:
     ‘forecast’ ‘knitr’
     All declared Imports should be used.
Flavors: r-devel-linux-x86_64-fedora-clang, r-devel-linux-x86_64-fedora-gcc, r-patched-solaris-x86, r-release-osx-x86_64, r-oldrel-osx-x86_64