CRAN Package Check Results for Package PReMiuM

Last updated on 2018-05-21 00:50:14 CEST.

Flavor Version Tinstall Tcheck Ttotal Status Flags
r-devel-linux-x86_64-debian-clang 3.1.7 65.16 48.14 113.30 OK
r-devel-linux-x86_64-debian-gcc 3.1.7 51.08 40.82 91.90 OK
r-devel-linux-x86_64-fedora-clang 3.1.7 155.39 NOTE
r-devel-linux-x86_64-fedora-gcc 3.1.7 149.78 NOTE
r-devel-windows-ix86+x86_64 3.1.7 113.00 98.00 211.00 OK
r-patched-linux-x86_64 3.1.7 63.98 50.80 114.78 OK
r-patched-solaris-x86 3.1.7 156.80 OK
r-release-linux-x86_64 3.1.7 65.94 50.40 116.34 OK
r-release-windows-ix86+x86_64 3.1.7 102.00 105.00 207.00 OK
r-release-osx-x86_64 3.1.7 NOTE
r-oldrel-windows-ix86+x86_64 3.1.7 114.00 90.00 204.00 OK
r-oldrel-osx-x86_64 3.1.7 NOTE

Additional issues

gcc-UBSAN

Check Details

Version: 3.1.7
Check: installed package size
Result: NOTE
     installed size is 13.7Mb
     sub-directories of 1Mb or more:
     libs 13.4Mb
Flavors: r-devel-linux-x86_64-fedora-clang, r-devel-linux-x86_64-fedora-gcc, r-release-osx-x86_64, r-oldrel-osx-x86_64