CRAN Package Check Results for Package PReMiuM

Last updated on 2018-11-18 10:50:10 CET.

Flavor Version Tinstall Tcheck Ttotal Status Flags
r-devel-linux-x86_64-debian-clang 3.2.1 76.70 112.56 189.26 OK
r-devel-linux-x86_64-debian-gcc 3.2.1 69.70 93.81 163.51 OK
r-devel-linux-x86_64-fedora-clang 3.2.1 243.01 NOTE
r-devel-linux-x86_64-fedora-gcc 3.2.1 228.87 OK
r-devel-windows-ix86+x86_64 3.2.1 157.00 241.00 398.00 OK
r-patched-linux-x86_64 3.2.1 72.54 108.30 180.84 OK
r-patched-solaris-x86 3.2.1 299.80 OK
r-release-linux-x86_64 3.2.1 78.09 112.47 190.56 OK
r-release-windows-ix86+x86_64 3.2.1 164.00 183.00 347.00 OK
r-release-osx-x86_64 3.2.1 NOTE
r-oldrel-windows-ix86+x86_64 3.2.1 158.00 256.00 414.00 OK
r-oldrel-osx-x86_64 3.2.1 NOTE

Check Details

Version: 3.2.1
Check: installed package size
Result: NOTE
     installed size is 14.4Mb
     sub-directories of 1Mb or more:
     libs 14.0Mb
Flavors: r-devel-linux-x86_64-fedora-clang, r-release-osx-x86_64, r-oldrel-osx-x86_64