CRAN Package Check Results for Package PReMiuM

Last updated on 2018-08-22 06:46:58 CEST.

Flavor Version Tinstall Tcheck Ttotal Status Flags
r-devel-linux-x86_64-debian-clang 3.2.0 64.43 62.14 126.57 OK
r-devel-linux-x86_64-debian-gcc 3.2.0 60.79 48.96 109.75 OK
r-devel-linux-x86_64-fedora-clang 3.2.0 167.85 NOTE
r-devel-linux-x86_64-fedora-gcc 3.2.0 164.23 OK
r-devel-windows-ix86+x86_64 3.2.0 111.00 106.00 217.00 OK
r-patched-linux-x86_64 3.2.0 73.30 56.84 130.14 OK
r-patched-solaris-x86 3.2.0 170.60 OK
r-release-linux-x86_64 3.2.0 71.62 56.95 128.57 OK
r-release-windows-ix86+x86_64 3.2.0 146.00 99.00 245.00 OK
r-release-osx-x86_64 3.2.0 NOTE
r-oldrel-windows-ix86+x86_64 3.2.0 106.00 118.00 224.00 OK
r-oldrel-osx-x86_64 3.2.0 NOTE

Check Details

Version: 3.2.0
Check: installed package size
Result: NOTE
     installed size is 13.8Mb
     sub-directories of 1Mb or more:
     libs 13.5Mb
Flavors: r-devel-linux-x86_64-fedora-clang, r-release-osx-x86_64, r-oldrel-osx-x86_64