CRAN Package Check Results for Package PROBShiny

Last updated on 2020-01-20 23:50:18 CET.

Flavor Version Tinstall Tcheck Ttotal Status Flags
r-devel-linux-x86_64-debian-clang 0.1.0 1.90 16.99 18.89 OK
r-devel-linux-x86_64-debian-gcc 0.1.0 1.52 13.75 15.27 OK
r-devel-linux-x86_64-fedora-clang 0.1.0 23.98 NOTE
r-devel-linux-x86_64-fedora-gcc 0.1.0 22.79 NOTE
r-devel-windows-ix86+x86_64 0.1.0 9.00 40.00 49.00 OK
r-devel-windows-ix86+x86_64-gcc8 0.1.0 5.00 34.00 39.00 OK
r-patched-linux-x86_64 0.1.0 1.42 15.76 17.18 OK
r-patched-solaris-x86 0.1.0 33.90 NOTE
r-release-linux-x86_64 0.1.0 1.32 15.76 17.08 OK
r-release-windows-ix86+x86_64 0.1.0 3.00 39.00 42.00 OK
r-release-osx-x86_64 0.1.0 NOTE
r-oldrel-windows-ix86+x86_64 0.1.0 2.00 28.00 30.00 OK
r-oldrel-osx-x86_64 0.1.0 NOTE

Check Details

Version: 0.1.0
Check: dependencies in R code
Result: NOTE
    Namespaces in Imports field not imported from:
     ‘LaplacesDemon’ ‘epitools’ ‘rpivotTable’ ‘shiny’ ‘shinyMatrix’
     All declared Imports should be used.
Flavors: r-devel-linux-x86_64-fedora-clang, r-devel-linux-x86_64-fedora-gcc, r-patched-solaris-x86, r-release-osx-x86_64, r-oldrel-osx-x86_64