CRAN Package Check Results for Package PROBShiny

Last updated on 2019-08-26 10:48:24 CEST.

Flavor Version Tinstall Tcheck Ttotal Status Flags
r-devel-linux-x86_64-debian-clang 0.1.0 1.75 16.17 17.92 OK
r-devel-linux-x86_64-debian-gcc 0.1.0 1.51 13.39 14.90 OK
r-devel-linux-x86_64-fedora-clang 0.1.0 24.25 NOTE
r-devel-linux-x86_64-fedora-gcc 0.1.0 21.70 NOTE
r-devel-windows-ix86+x86_64 0.1.0 11.00 30.00 41.00 OK
r-patched-linux-x86_64 0.1.0 1.51 16.23 17.74 OK
r-patched-solaris-x86 0.1.0 33.30 NOTE
r-release-linux-x86_64 0.1.0 1.47 16.40 17.87 OK
r-release-windows-ix86+x86_64 0.1.0 5.00 38.00 43.00 OK
r-release-osx-x86_64 0.1.0 NOTE
r-oldrel-windows-ix86+x86_64 0.1.0 4.00 40.00 44.00 OK
r-oldrel-osx-x86_64 0.1.0 NOTE

Check Details

Version: 0.1.0
Check: dependencies in R code
Result: NOTE
    Namespaces in Imports field not imported from:
     ‘LaplacesDemon’ ‘epitools’ ‘rpivotTable’ ‘shiny’ ‘shinyMatrix’
     All declared Imports should be used.
Flavors: r-devel-linux-x86_64-fedora-clang, r-devel-linux-x86_64-fedora-gcc, r-patched-solaris-x86, r-release-osx-x86_64, r-oldrel-osx-x86_64