CRAN Package Check Results for Package PCADSC

Last updated on 2019-10-20 20:48:29 CEST.

Flavor Version Tinstall Tcheck Ttotal Status Flags
r-devel-linux-x86_64-debian-clang 0.8.0 4.14 40.47 44.61 OK
r-devel-linux-x86_64-debian-gcc 0.8.0 2.87 30.67 33.54 OK
r-devel-linux-x86_64-fedora-clang 0.8.0 52.71 NOTE
r-devel-linux-x86_64-fedora-gcc 0.8.0 50.92 NOTE
r-devel-windows-ix86+x86_64 0.8.0 12.00 55.00 67.00 OK
r-patched-linux-x86_64 0.8.0 3.88 38.81 42.69 OK
r-patched-solaris-x86 0.8.0 81.40 NOTE
r-release-linux-x86_64 0.8.0 3.71 38.78 42.49 OK
r-release-windows-ix86+x86_64 0.8.0 14.00 52.00 66.00 OK
r-release-osx-x86_64 0.8.0 NOTE
r-oldrel-windows-ix86+x86_64 0.8.0 6.00 46.00 52.00 OK
r-oldrel-osx-x86_64 0.8.0 NOTE

Check Details

Version: 0.8.0
Check: dependencies in R code
Result: NOTE
    Namespaces in Imports field not imported from:
     ‘Matrix’ ‘pander’
     All declared Imports should be used.
Flavors: r-devel-linux-x86_64-fedora-clang, r-devel-linux-x86_64-fedora-gcc, r-patched-solaris-x86, r-release-osx-x86_64, r-oldrel-osx-x86_64