CRAN Package Check Results for Package PCA4you

Last updated on 2019-09-19 10:47:58 CEST.

Flavor Version Tinstall Tcheck Ttotal Status Flags
r-devel-linux-x86_64-debian-clang 1.2.4 2.08 21.48 23.56 OK
r-devel-linux-x86_64-debian-gcc 1.2.4 1.60 17.09 18.69 OK
r-devel-linux-x86_64-fedora-clang 1.2.4 30.36 OK
r-devel-linux-x86_64-fedora-gcc 1.2.4 27.86 OK
r-devel-windows-ix86+x86_64 1.2.4 13.00 45.00 58.00 OK
r-patched-linux-x86_64 1.2.4 1.56 20.67 22.23 OK
r-patched-solaris-x86 1.2.4 44.20 OK
r-release-linux-x86_64 1.2.4 1.49 20.81 22.30 OK
r-release-windows-ix86+x86_64 1.2.4 4.00 48.00 52.00 OK
r-release-osx-x86_64 1.2.4 ERROR
r-oldrel-windows-ix86+x86_64 1.2.4 2.00 31.00 33.00 OK
r-oldrel-osx-x86_64 1.2.4 OK

Check Details

Version: 1.2.4
Check: package dependencies
Result: ERROR
    Package required but not available: ‘mixOmics’
    
    See section ‘The DESCRIPTION file’ in the ‘Writing R Extensions’
    manual.
Flavor: r-release-osx-x86_64