CRAN Package Check Results for Package PANDA

Last updated on 2017-12-13 10:47:04 CET.

Flavor Version Tinstall Tcheck Ttotal Status Flags
r-devel-linux-x86_64-debian-clang 0.9.9 6.03 207.73 213.76 NOTE
r-devel-linux-x86_64-debian-gcc 0.9.9 5.36 153.73 159.09 NOTE
r-devel-linux-x86_64-fedora-clang 0.9.9 245.10 NOTE
r-devel-linux-x86_64-fedora-gcc 0.9.9 248.75 NOTE
r-devel-windows-ix86+x86_64 0.9.9 21.00 213.00 234.00 NOTE
r-patched-linux-x86_64 0.9.9 6.83 217.91 224.74 NOTE
r-patched-solaris-x86 0.9.9 293.00 NOTE
r-release-linux-x86_64 0.9.9 6.96 218.31 225.27 NOTE
r-release-windows-ix86+x86_64 0.9.9 15.00 314.00 329.00 NOTE
r-release-osx-x86_64 0.9.9 ERROR
r-oldrel-windows-ix86+x86_64 0.9.9 18.00 287.00 305.00 NOTE
r-oldrel-osx-x86_64 0.9.9 NOTE

Check Details

Version: 0.9.9
Check: R code for possible problems
Result: NOTE
    GOpredict: no visible global function definition for ‘fisher.test’
    KEGGpredict: no visible global function definition for ‘fisher.test’
    ProteinCluster: no visible global function definition for ‘ecdf’
    ProteinCluster: no visible global function definition for ‘as.hclust’
    ProteinCluster: no visible global function definition for
     ‘as.dendrogram’
    ProteinCluster : addE: no visible global function definition for
     ‘is.leaf’
    ProteinCluster: no visible global function definition for ‘plot’
    SignificantSubcluster: no visible global function definition for
     ‘order.dendrogram’
    SignificantSubcluster: no visible global function definition for
     ‘fisher.test’
    SignificantSubcluster: no visible global function definition for ‘plot’
    Undefined global functions or variables:
     as.dendrogram as.hclust ecdf fisher.test is.leaf order.dendrogram
     plot
    Consider adding
     importFrom("graphics", "plot")
     importFrom("stats", "as.dendrogram", "as.hclust", "ecdf",
     "fisher.test", "is.leaf", "order.dendrogram")
    to your NAMESPACE file.
Flavors: r-devel-linux-x86_64-debian-clang, r-devel-linux-x86_64-debian-gcc, r-devel-linux-x86_64-fedora-clang, r-devel-linux-x86_64-fedora-gcc, r-devel-windows-ix86+x86_64, r-patched-linux-x86_64, r-patched-solaris-x86, r-release-linux-x86_64, r-release-windows-ix86+x86_64, r-oldrel-windows-ix86+x86_64, r-oldrel-osx-x86_64

Version: 0.9.9
Check: package dependencies
Result: ERROR
    Package required but not available: ‘GO.db’
    
    See section ‘The DESCRIPTION file’ in the ‘Writing R Extensions’
    manual.
Flavor: r-release-osx-x86_64