CRAN Package Check Results for Package PANDA

Last updated on 2018-02-19 23:50:24 CET.

Flavor Version Tinstall Tcheck Ttotal Status Flags
r-devel-linux-x86_64-debian-clang 0.9.9 8.77 166.31 175.08 NOTE
r-devel-linux-x86_64-debian-gcc 0.9.9 6.95 138.10 145.05 NOTE
r-devel-windows-ix86+x86_64 0.9.9 14.00 181.00 195.00 NOTE
r-patched-linux-x86_64 0.9.9 7.53 223.06 230.59 NOTE
r-patched-solaris-x86 0.9.9 291.80 NOTE
r-release-linux-x86_64 0.9.9 6.88 211.93 218.81 NOTE
r-release-windows-ix86+x86_64 0.9.9 22.00 291.00 313.00 NOTE
r-release-osx-x86_64 0.9.9 ERROR
r-oldrel-windows-ix86+x86_64 0.9.9 18.00 294.00 312.00 NOTE
r-oldrel-osx-x86_64 0.9.9 NOTE

Check Details

Version: 0.9.9
Check: R code for possible problems
Result: NOTE
    GOpredict: no visible global function definition for ‘fisher.test’
    KEGGpredict: no visible global function definition for ‘fisher.test’
    ProteinCluster: no visible global function definition for ‘ecdf’
    ProteinCluster: no visible global function definition for ‘as.hclust’
    ProteinCluster: no visible global function definition for
     ‘as.dendrogram’
    ProteinCluster : addE: no visible global function definition for
     ‘is.leaf’
    ProteinCluster: no visible global function definition for ‘plot’
    SignificantSubcluster: no visible global function definition for
     ‘order.dendrogram’
    SignificantSubcluster: no visible global function definition for
     ‘fisher.test’
    SignificantSubcluster: no visible global function definition for ‘plot’
    Undefined global functions or variables:
     as.dendrogram as.hclust ecdf fisher.test is.leaf order.dendrogram
     plot
    Consider adding
     importFrom("graphics", "plot")
     importFrom("stats", "as.dendrogram", "as.hclust", "ecdf",
     "fisher.test", "is.leaf", "order.dendrogram")
    to your NAMESPACE file.
Flavors: r-devel-linux-x86_64-debian-clang, r-devel-linux-x86_64-debian-gcc, r-devel-windows-ix86+x86_64, r-patched-linux-x86_64, r-patched-solaris-x86, r-release-linux-x86_64, r-release-windows-ix86+x86_64, r-oldrel-windows-ix86+x86_64, r-oldrel-osx-x86_64

Version: 0.9.9
Check: package dependencies
Result: ERROR
    Package required but not available: ‘GO.db’
    
    See section ‘The DESCRIPTION file’ in the ‘Writing R Extensions’
    manual.
Flavor: r-release-osx-x86_64