CRAN Package Check Results for Package ODS

Last updated on 2019-04-20 11:49:22 CEST.

Flavor Version Tinstall Tcheck Ttotal Status Flags
r-devel-linux-x86_64-debian-clang 0.2.0 4.53 34.75 39.28 OK
r-devel-linux-x86_64-debian-gcc 0.2.0 4.54 36.35 40.89 OK
r-devel-linux-x86_64-fedora-clang 0.2.0 46.15 OK
r-devel-linux-x86_64-fedora-gcc 0.2.0 43.00 OK
r-devel-windows-ix86+x86_64 0.2.0 10.00 59.00 69.00 OK
r-patched-linux-x86_64 0.2.0 4.43 34.75 39.18 OK
r-patched-solaris-x86 0.2.0 62.30 OK
r-release-linux-x86_64 0.2.0 3.46 32.77 36.23 OK
r-release-windows-ix86+x86_64 0.2.0 5.00 64.00 69.00 OK
r-release-osx-x86_64 0.2.0 OK
r-oldrel-osx-x86_64 0.2.0 ERROR

Check Details

Version: 0.2.0
Check: whether package can be installed
Result: ERROR
    Installation failed.
Flavor: r-oldrel-osx-x86_64