CRAN Package Check Results for Package Nozzle.R1

Last updated on 2019-09-15 19:49:08 CEST.

Flavor Version Tinstall Tcheck Ttotal Status Flags
r-devel-linux-x86_64-debian-clang 1.1-1 4.87 27.49 32.36 NOTE
r-devel-linux-x86_64-debian-gcc 1.1-1 3.71 22.60 26.31 NOTE
r-devel-linux-x86_64-fedora-clang 1.1-1 39.32 NOTE
r-devel-linux-x86_64-fedora-gcc 1.1-1 37.61 NOTE
r-devel-windows-ix86+x86_64 1.1-1 15.00 54.00 69.00 NOTE
r-patched-linux-x86_64 1.1-1 4.12 27.40 31.52 NOTE
r-patched-solaris-x86 1.1-1 51.70 NOTE
r-release-linux-x86_64 1.1-1 4.26 27.57 31.83 NOTE
r-release-windows-ix86+x86_64 1.1-1 11.00 51.00 62.00 NOTE
r-release-osx-x86_64 1.1-1 NOTE
r-oldrel-windows-ix86+x86_64 1.1-1 7.00 40.00 47.00 NOTE
r-oldrel-osx-x86_64 1.1-1 NOTE

Check Details

Version: 1.1-1
Check: R code for possible problems
Result: NOTE
    .newReportId : <anonymous>: no visible global function definition for
     'runif'
    Undefined global functions or variables:
     runif
    Consider adding
     importFrom("stats", "runif")
    to your NAMESPACE file.
Flavors: r-devel-linux-x86_64-debian-clang, r-devel-linux-x86_64-debian-gcc, r-devel-linux-x86_64-fedora-clang, r-devel-linux-x86_64-fedora-gcc, r-devel-windows-ix86+x86_64, r-patched-linux-x86_64, r-patched-solaris-x86, r-release-linux-x86_64, r-release-windows-ix86+x86_64, r-release-osx-x86_64, r-oldrel-windows-ix86+x86_64, r-oldrel-osx-x86_64