CRAN Package Check Results for Package Nozzle.R1

Last updated on 2020-01-22 13:49:06 CET.

Flavor Version Tinstall Tcheck Ttotal Status Flags
r-devel-linux-x86_64-debian-clang 1.1-1 5.09 29.34 34.43 NOTE
r-devel-linux-x86_64-debian-gcc 1.1-1 3.97 23.59 27.56 NOTE
r-devel-linux-x86_64-fedora-clang 1.1-1 42.61 NOTE
r-devel-linux-x86_64-fedora-gcc 1.1-1 41.75 NOTE
r-devel-windows-ix86+x86_64 1.1-1 15.00 60.00 75.00 NOTE
r-devel-windows-ix86+x86_64-gcc8 1.1-1 11.00 54.00 65.00 NOTE
r-patched-linux-x86_64 1.1-1 4.37 27.70 32.07 NOTE
r-patched-solaris-x86 1.1-1 51.40 NOTE
r-release-linux-x86_64 1.1-1 3.43 27.71 31.14 NOTE
r-release-windows-ix86+x86_64 1.1-1 11.00 51.00 62.00 NOTE
r-release-osx-x86_64 1.1-1 NOTE
r-oldrel-windows-ix86+x86_64 1.1-1 7.00 40.00 47.00 NOTE
r-oldrel-osx-x86_64 1.1-1 NOTE

Check Details

Version: 1.1-1
Check: R code for possible problems
Result: NOTE
    .newReportId : <anonymous>: no visible global function definition for
     'runif'
    Undefined global functions or variables:
     runif
    Consider adding
     importFrom("stats", "runif")
    to your NAMESPACE file.
Flavors: r-devel-linux-x86_64-debian-clang, r-devel-linux-x86_64-debian-gcc, r-devel-linux-x86_64-fedora-clang, r-devel-linux-x86_64-fedora-gcc, r-devel-windows-ix86+x86_64, r-devel-windows-ix86+x86_64-gcc8, r-patched-linux-x86_64, r-patched-solaris-x86, r-release-linux-x86_64, r-release-windows-ix86+x86_64, r-release-osx-x86_64, r-oldrel-windows-ix86+x86_64, r-oldrel-osx-x86_64