CRAN Package Check Results for Package NormalBetaPrime

Last updated on 2019-06-18 18:54:55 CEST.

Flavor Version Tinstall Tcheck Ttotal Status Flags
r-devel-linux-x86_64-debian-clang 2.2 8.05 83.27 91.32 OK
r-devel-linux-x86_64-debian-gcc 2.2 7.55 65.37 72.92 OK
r-devel-linux-x86_64-fedora-clang 2.2 109.04 NOTE
r-devel-linux-x86_64-fedora-gcc 2.2 106.51 OK
r-devel-windows-ix86+x86_64 2.2 22.00 126.00 148.00 OK
r-patched-linux-x86_64 2.2 8.50 84.05 92.55 OK
r-patched-solaris-x86 2.2 163.20 NOTE
r-release-linux-x86_64 2.2 9.76 85.00 94.76 OK
r-release-windows-ix86+x86_64 2.2 21.00 126.00 147.00 OK
r-release-osx-x86_64 2.2 NOTE
r-oldrel-windows-ix86+x86_64 2.2 9.00 124.00 133.00 OK
r-oldrel-osx-x86_64 2.2 NOTE

Check Details

Version: 2.2
Check: installed package size
Result: NOTE
     installed size is 5.1Mb
     sub-directories of 1Mb or more:
     data 4.8Mb
Flavors: r-devel-linux-x86_64-fedora-clang, r-patched-solaris-x86, r-release-osx-x86_64, r-oldrel-osx-x86_64