CRAN Package Check Results for Package NNS

Last updated on 2019-08-19 12:47:45 CEST.

Flavor Version Tinstall Tcheck Ttotal Status Flags
r-devel-linux-x86_64-debian-clang 0.4.4 9.91 59.70 69.61 OK --no-vignettes
r-devel-linux-x86_64-debian-gcc 0.4.4 6.84 48.29 55.13 OK --no-vignettes
r-devel-linux-x86_64-fedora-clang 0.4.4 462.95 OK
r-devel-linux-x86_64-fedora-gcc 0.4.4 482.43 OK
r-devel-windows-ix86+x86_64 0.4.4 24.00 318.00 342.00 OK
r-patched-linux-x86_64 0.4.4 9.41 60.73 70.14 OK --no-vignettes
r-patched-solaris-x86 0.4.4 313.80 OK
r-release-linux-x86_64 0.4.4 7.37 57.98 65.35 OK --no-vignettes
r-release-windows-ix86+x86_64 0.4.4 16.00 224.00 240.00 OK
r-release-osx-x86_64 0.4.4 WARN
r-oldrel-windows-ix86+x86_64 0.4.4 18.00 301.00 319.00 OK
r-oldrel-osx-x86_64 0.4.4 WARN

Check Details

Version: 0.4.4
Check: whether package can be installed
Result: WARN
    Found the following significant warnings:
     Warning: 'rgl_init' failed, running with rgl.useNULL = TRUE
Flavors: r-release-osx-x86_64, r-oldrel-osx-x86_64

Version: 0.4.4
Check: dependencies in R code
Result: NOTE
    No protocol specified
Flavors: r-release-osx-x86_64, r-oldrel-osx-x86_64

Version: 0.4.4
Check: S3 generic/method consistency
Result: WARN
    No protocol specified
    See section ‘Generic functions and methods’ in the ‘Writing R
    Extensions’ manual.
Flavors: r-release-osx-x86_64, r-oldrel-osx-x86_64

Version: 0.4.4
Check: replacement functions
Result: WARN
    No protocol specified
    The argument of a replacement function which corresponds to the right
    hand side must be named ‘value’.
Flavors: r-release-osx-x86_64, r-oldrel-osx-x86_64

Version: 0.4.4
Check: foreign function calls
Result: NOTE
    No protocol specified
    See chapter ‘System and foreign language interfaces’ in the ‘Writing R
    Extensions’ manual.
Flavors: r-release-osx-x86_64, r-oldrel-osx-x86_64

Version: 0.4.4
Check: R code for possible problems
Result: NOTE
    No protocol specified
Flavors: r-release-osx-x86_64, r-oldrel-osx-x86_64

Version: 0.4.4
Check: for missing documentation entries
Result: WARN
    No protocol specified
    All user-level objects in a package should have documentation entries.
    See chapter ‘Writing R documentation files’ in the ‘Writing R
    Extensions’ manual.
Flavors: r-release-osx-x86_64, r-oldrel-osx-x86_64

Version: 0.4.4
Check: for code/documentation mismatches
Result: WARN
    No protocol specified
    No protocol specified
    No protocol specified
Flavors: r-release-osx-x86_64, r-oldrel-osx-x86_64

Version: 0.4.4
Check: Rd \usage sections
Result: NOTE
    No protocol specified
    The \usage entries for S3 methods should use the \method markup and not
    their full name.
    See chapter ‘Writing R documentation files’ in the ‘Writing R
    Extensions’ manual.
Flavors: r-release-osx-x86_64, r-oldrel-osx-x86_64