CRAN Package Check Results for Package NMF

Last updated on 2018-07-21 14:47:36 CEST.

Flavor Version Tinstall Tcheck Ttotal Status Flags
r-devel-linux-x86_64-debian-clang 0.21.0 22.51 132.00 154.51 OK --no-examples --no-tests --no-vignettes
r-devel-linux-x86_64-debian-gcc 0.21.0 20.31 101.62 121.93 OK --no-examples --no-tests --no-vignettes
r-devel-linux-x86_64-fedora-clang 0.21.0 698.87 OK
r-devel-linux-x86_64-fedora-gcc 0.21.0 693.60 OK
r-devel-windows-ix86+x86_64 0.21.0 56.00 858.00 914.00 NOTE
r-patched-linux-x86_64 0.21.0 OK --no-examples --no-tests --no-vignettes
r-patched-solaris-x86 0.21.0 252.60 ERROR --no-build-vignettes
r-release-linux-x86_64 0.21.0 20.92 116.77 137.69 OK --no-examples --no-tests --no-vignettes
r-release-windows-ix86+x86_64 0.21.0 53.00 842.00 895.00 NOTE
r-release-osx-x86_64 0.21.0 NOTE
r-oldrel-windows-ix86+x86_64 0.21.0 27.00 731.00 758.00 NOTE
r-oldrel-osx-x86_64 0.21.0 NOTE

Check Details

Version: 0.21.0
Check: package dependencies
Result: NOTE
    Package suggested but not available for checking: 'synchronicity'
Flavors: r-devel-windows-ix86+x86_64, r-release-windows-ix86+x86_64, r-oldrel-windows-ix86+x86_64

Version: 0.21.0
Flags: --no-build-vignettes
Check: examples
Result: ERROR
    Running examples in ‘NMF-Ex.R’ failed
    The error most likely occurred in:
    
    > ### Name: getRNG1
    > ### Title: Extracting RNG Data from NMF Objects
    > ### Aliases: .getRNG getRNG1 getRNG1-methods getRNG1,NMFfitX1-method
    > ### getRNG1,NMFfitX-method getRNG1,NMFfitXn-method .getRNG-methods
    > ### .getRNG,NMFfitXn-method
    > ### Keywords: methods
    >
    > ### ** Examples
    >
    > ## Don't show:
    > # roxygen generated flag
    > options(R_CHECK_RUNNING_EXAMPLES_=TRUE)
    > ## End(Don't show)
    >
    > # For multiple NMF runs, the RNG settings used for the first run is also stored
    > V <- rmatrix(20,10)
    > res <- nmf(V, 3, nrun=4)
    # NOTE - CRAN check detected: limiting maximum number of cores [2/16]
    Error in big.matrix(nrow = nrow(x), ncol = ncol(x), type = type, init = NULL, :
     Error: memory could not be allocated for instance of type big.matrix
    Calls: nmf ... gVariable -> <Anonymous> -> <Anonymous> -> big.matrix
    Timing stopped at: 0.019 0.031 0.064
    Execution halted
Flavor: r-patched-solaris-x86

Version: 0.21.0
Check: package dependencies
Result: NOTE
    Package suggested but not available for checking: ‘doMPI’
Flavors: r-release-osx-x86_64, r-oldrel-osx-x86_64