CRAN Package Check Results for Package NISTunits

Last updated on 2019-09-20 21:46:30 CEST.

Flavor Version Tinstall Tcheck Ttotal Status Flags
r-devel-linux-x86_64-debian-clang 1.0.1 9.94 80.44 90.38 NOTE
r-devel-linux-x86_64-debian-gcc 1.0.1 10.02 64.98 75.00 NOTE
r-devel-linux-x86_64-fedora-clang 1.0.1 110.22 NOTE
r-devel-linux-x86_64-fedora-gcc 1.0.1 110.59 NOTE
r-devel-windows-ix86+x86_64 1.0.1 43.00 201.00 244.00 NOTE
r-patched-linux-x86_64 1.0.1 13.95 82.79 96.74 NOTE
r-patched-solaris-x86 1.0.1 138.90 NOTE
r-release-linux-x86_64 1.0.1 13.58 84.36 97.94 NOTE
r-release-windows-ix86+x86_64 1.0.1 28.00 202.00 230.00 NOTE
r-release-osx-x86_64 1.0.1 NOTE
r-oldrel-windows-ix86+x86_64 1.0.1 25.00 119.00 144.00 NOTE
r-oldrel-osx-x86_64 1.0.1 NOTE

Check Details

Version: 1.0.1
Check: DESCRIPTION meta-information
Result: NOTE
    Malformed Description field: should contain one or more complete sentences.
Flavors: r-devel-linux-x86_64-debian-clang, r-devel-linux-x86_64-debian-gcc, r-devel-linux-x86_64-fedora-clang, r-devel-linux-x86_64-fedora-gcc, r-devel-windows-ix86+x86_64, r-patched-linux-x86_64, r-patched-solaris-x86, r-release-linux-x86_64, r-release-windows-ix86+x86_64, r-release-osx-x86_64, r-oldrel-windows-ix86+x86_64, r-oldrel-osx-x86_64

Version: 1.0.1
Check: data for non-ASCII characters
Result: NOTE
     Note: found 170 marked UTF-8 strings
Flavors: r-devel-linux-x86_64-fedora-clang, r-devel-linux-x86_64-fedora-gcc, r-patched-solaris-x86, r-release-osx-x86_64, r-oldrel-osx-x86_64