CRAN Package Check Results for Package NIPTeR

Last updated on 2019-12-16 05:46:36 CET.

Flavor Version Tinstall Tcheck Ttotal Status Flags
r-devel-linux-x86_64-debian-clang 1.0.2 19.00 145.47 164.47 OK
r-devel-linux-x86_64-debian-gcc 1.0.2 16.78 114.22 131.00 OK
r-devel-linux-x86_64-fedora-clang 1.0.2 219.06 OK
r-devel-linux-x86_64-fedora-gcc 1.0.2 197.60 OK
r-devel-windows-ix86+x86_64 1.0.2 32.00 129.00 161.00 OK
r-devel-windows-ix86+x86_64-gcc8 1.0.2 35.00 186.00 221.00 OK
r-patched-linux-x86_64 1.0.2 17.67 126.80 144.47 OK
r-patched-solaris-x86 1.0.2 270.70 OK
r-release-linux-x86_64 1.0.2 16.48 125.53 142.01 OK
r-release-windows-ix86+x86_64 1.0.2 42.00 129.00 171.00 OK
r-release-osx-x86_64 1.0.2 ERROR
r-oldrel-windows-ix86+x86_64 1.0.2 17.00 118.00 135.00 OK
r-oldrel-osx-x86_64 1.0.2 ERROR

Check Details

Version: 1.0.2
Check: whether package can be installed
Result: ERROR
    Installation failed.
Flavor: r-release-osx-x86_64

Version: 1.0.2
Check: package dependencies
Result: ERROR
    Package required but not available: ‘Rsamtools’
    
    See section ‘The DESCRIPTION file’ in the ‘Writing R Extensions’
    manual.
Flavor: r-oldrel-osx-x86_64