CRAN Package Check Results for Package NIPTeR

Last updated on 2019-08-19 01:46:56 CEST.

Flavor Version Tinstall Tcheck Ttotal Status Flags
r-devel-linux-x86_64-debian-clang 1.0.2 13.98 124.88 138.86 OK
r-devel-linux-x86_64-debian-gcc 1.0.2 15.22 100.82 116.04 OK
r-devel-linux-x86_64-fedora-clang 1.0.2 182.54 OK
r-devel-linux-x86_64-fedora-gcc 1.0.2 180.27 OK
r-devel-windows-ix86+x86_64 1.0.2 41.00 172.00 213.00 OK
r-patched-linux-x86_64 1.0.2 15.14 121.37 136.51 OK
r-patched-solaris-x86 1.0.2 261.20 OK
r-release-linux-x86_64 1.0.2 14.98 122.01 136.99 OK
r-release-windows-ix86+x86_64 1.0.2 43.00 117.00 160.00 OK
r-release-osx-x86_64 1.0.2 ERROR
r-oldrel-windows-ix86+x86_64 1.0.2 27.00 163.00 190.00 OK
r-oldrel-osx-x86_64 1.0.2 ERROR

Check Details

Version: 1.0.2
Check: package dependencies
Result: ERROR
    Packages required but not available: 'Rsamtools', 'S4Vectors'
    
    See section ‘The DESCRIPTION file’ in the ‘Writing R Extensions’
    manual.
Flavor: r-release-osx-x86_64

Version: 1.0.2
Check: package dependencies
Result: ERROR
    Package required but not available: ‘Rsamtools’
    
    See section ‘The DESCRIPTION file’ in the ‘Writing R Extensions’
    manual.
Flavor: r-oldrel-osx-x86_64