CRAN Package Check Results for Package MixGHD

Last updated on 2018-02-20 00:47:13 CET.

Flavor Version Tinstall Tcheck Ttotal Status Flags
r-devel-linux-x86_64-debian-clang 2.2 18.03 73.37 91.40 NOTE
r-devel-linux-x86_64-debian-gcc 2.2 15.99 57.12 73.11 NOTE
r-devel-linux-x86_64-fedora-clang 2.2 117.07 NOTE
r-devel-linux-x86_64-fedora-gcc 2.2 109.02 NOTE
r-devel-windows-ix86+x86_64 2.2 30.00 138.00 168.00 NOTE
r-patched-linux-x86_64 2.2 11.81 79.46 91.27 NOTE
r-patched-solaris-x86 2.2 150.40 NOTE
r-release-linux-x86_64 2.2 12.41 79.17 91.58 NOTE
r-release-windows-ix86+x86_64 2.2 36.00 132.00 168.00 NOTE
r-release-osx-x86_64 2.2 NOTE
r-oldrel-windows-ix86+x86_64 2.2 34.00 153.00 187.00 NOTE
r-oldrel-osx-x86_64 2.1 NOTE

Check Details

Version: 2.2
Check: for GNU extensions in Makefiles
Result: NOTE
    GNU make is a SystemRequirements.
Flavors: r-devel-linux-x86_64-debian-clang, r-devel-linux-x86_64-debian-gcc, r-devel-linux-x86_64-fedora-clang, r-devel-linux-x86_64-fedora-gcc, r-devel-windows-ix86+x86_64, r-patched-linux-x86_64, r-patched-solaris-x86, r-release-linux-x86_64, r-release-windows-ix86+x86_64, r-release-osx-x86_64, r-oldrel-windows-ix86+x86_64

Version: 2.1
Check: for GNU extensions in Makefiles
Result: NOTE
    GNU make is a SystemRequirements.
Flavor: r-oldrel-osx-x86_64