CRAN Package Check Results for Package MixGHD

Last updated on 2018-05-21 00:50:09 CEST.

Flavor Version Tinstall Tcheck Ttotal Status Flags
r-devel-linux-x86_64-debian-clang 2.2 17.36 72.08 89.44 NOTE
r-devel-linux-x86_64-debian-gcc 2.2 14.74 57.50 72.24 NOTE
r-devel-linux-x86_64-fedora-clang 2.2 120.11 NOTE
r-devel-linux-x86_64-fedora-gcc 2.2 114.41 NOTE
r-devel-windows-ix86+x86_64 2.2 42.00 142.00 184.00 NOTE
r-patched-linux-x86_64 2.2 20.52 77.91 98.43 NOTE
r-patched-solaris-x86 2.2 158.10 NOTE
r-release-linux-x86_64 2.2 15.60 76.13 91.73 NOTE
r-release-windows-ix86+x86_64 2.2 33.00 143.00 176.00 NOTE
r-release-osx-x86_64 2.2 NOTE
r-oldrel-windows-ix86+x86_64 2.2 29.00 188.00 217.00 NOTE
r-oldrel-osx-x86_64 2.2 NOTE

Check Details

Version: 2.2
Check: for GNU extensions in Makefiles
Result: NOTE
    GNU make is a SystemRequirements.
Flavors: r-devel-linux-x86_64-debian-clang, r-devel-linux-x86_64-debian-gcc, r-devel-linux-x86_64-fedora-clang, r-devel-linux-x86_64-fedora-gcc, r-devel-windows-ix86+x86_64, r-patched-linux-x86_64, r-patched-solaris-x86, r-release-linux-x86_64, r-release-windows-ix86+x86_64, r-release-osx-x86_64, r-oldrel-windows-ix86+x86_64, r-oldrel-osx-x86_64