CRAN Package Check Results for Package MixGHD

Last updated on 2018-08-22 06:46:53 CEST.

Flavor Version Tinstall Tcheck Ttotal Status Flags
r-devel-linux-x86_64-debian-clang 2.2 16.06 79.91 95.97 NOTE
r-devel-linux-x86_64-debian-gcc 2.2 14.03 59.39 73.42 NOTE
r-devel-linux-x86_64-fedora-clang 2.2 117.11 NOTE
r-devel-linux-x86_64-fedora-gcc 2.2 113.11 NOTE
r-devel-windows-ix86+x86_64 2.2 35.00 146.00 181.00 NOTE
r-patched-linux-x86_64 2.2 16.93 77.05 93.98 NOTE
r-patched-solaris-x86 2.2 159.60 NOTE
r-release-linux-x86_64 2.2 17.19 76.55 93.74 NOTE
r-release-windows-ix86+x86_64 2.2 44.00 140.00 184.00 NOTE
r-release-osx-x86_64 2.2 NOTE
r-oldrel-windows-ix86+x86_64 2.2 30.00 175.00 205.00 NOTE
r-oldrel-osx-x86_64 2.2 NOTE

Check Details

Version: 2.2
Check: for GNU extensions in Makefiles
Result: NOTE
    GNU make is a SystemRequirements.
Flavors: r-devel-linux-x86_64-debian-clang, r-devel-linux-x86_64-debian-gcc, r-devel-linux-x86_64-fedora-clang, r-devel-linux-x86_64-fedora-gcc, r-devel-windows-ix86+x86_64, r-patched-linux-x86_64, r-patched-solaris-x86, r-release-linux-x86_64, r-release-windows-ix86+x86_64, r-release-osx-x86_64, r-oldrel-windows-ix86+x86_64, r-oldrel-osx-x86_64