CRAN Package Check Results for Package MixGHD

Last updated on 2018-11-18 10:50:05 CET.

Flavor Version Tinstall Tcheck Ttotal Status Flags
r-devel-linux-x86_64-debian-clang 2.2 21.18 79.34 100.52 NOTE
r-devel-linux-x86_64-debian-gcc 2.2 12.70 59.02 71.72 NOTE
r-devel-linux-x86_64-fedora-clang 2.2 119.54 NOTE
r-devel-linux-x86_64-fedora-gcc 2.2 114.18 NOTE
r-devel-windows-ix86+x86_64 2.2 44.00 179.00 223.00 NOTE
r-patched-linux-x86_64 2.2 17.29 76.83 94.12 NOTE
r-patched-solaris-x86 2.2 157.00 NOTE
r-release-linux-x86_64 2.2 17.96 78.25 96.21 NOTE
r-release-windows-ix86+x86_64 2.2 42.00 181.00 223.00 NOTE
r-release-osx-x86_64 2.2 NOTE
r-oldrel-windows-ix86+x86_64 2.2 40.00 184.00 224.00 NOTE
r-oldrel-osx-x86_64 2.2 NOTE

Check Details

Version: 2.2
Check: for GNU extensions in Makefiles
Result: NOTE
    GNU make is a SystemRequirements.
Flavors: r-devel-linux-x86_64-debian-clang, r-devel-linux-x86_64-debian-gcc, r-devel-linux-x86_64-fedora-clang, r-devel-linux-x86_64-fedora-gcc, r-devel-windows-ix86+x86_64, r-patched-linux-x86_64, r-patched-solaris-x86, r-release-linux-x86_64, r-release-windows-ix86+x86_64, r-release-osx-x86_64, r-oldrel-windows-ix86+x86_64, r-oldrel-osx-x86_64