CRAN Package Check Results for Package MixGHD

Last updated on 2017-12-12 10:52:42 CET.

Flavor Version Tinstall Tcheck Ttotal Status Flags
r-devel-linux-x86_64-debian-clang 2.1 11.09 93.57 104.66 NOTE
r-devel-linux-x86_64-debian-gcc 2.1 11.30 65.83 77.13 NOTE
r-devel-linux-x86_64-fedora-clang 2.1 123.33 NOTE
r-devel-linux-x86_64-fedora-gcc 2.1 117.99 NOTE
r-devel-windows-ix86+x86_64 2.1 40.00 171.00 211.00 NOTE
r-patched-linux-x86_64 2.1 12.63 91.71 104.34 NOTE
r-patched-solaris-x86 2.1 163.30 NOTE
r-release-linux-x86_64 2.1 13.52 91.92 105.44 NOTE
r-release-windows-ix86+x86_64 2.1 29.00 169.00 198.00 NOTE
r-release-osx-x86_64 2.1 NOTE
r-oldrel-windows-ix86+x86_64 2.1 37.00 190.00 227.00 NOTE
r-oldrel-osx-x86_64 2.1 NOTE

Check Details

Version: 2.1
Check: for GNU extensions in Makefiles
Result: NOTE
    GNU make is a SystemRequirements.
Flavors: r-devel-linux-x86_64-debian-clang, r-devel-linux-x86_64-debian-gcc, r-devel-linux-x86_64-fedora-clang, r-devel-linux-x86_64-fedora-gcc, r-devel-windows-ix86+x86_64, r-patched-linux-x86_64, r-patched-solaris-x86, r-release-linux-x86_64, r-release-windows-ix86+x86_64, r-release-osx-x86_64, r-oldrel-windows-ix86+x86_64, r-oldrel-osx-x86_64

Version: 2.1
Check: compiled code
Result: NOTE
    File ‘MixGHD/libs/MixGHD.so’:
     Found no calls to: ‘R_registerRoutines’, ‘R_useDynamicSymbols’
    
    It is good practice to register native routines and to disable symbol
    search.
    
    See ‘Writing portable packages’ in the ‘Writing R Extensions’ manual.
Flavors: r-devel-linux-x86_64-debian-clang, r-devel-linux-x86_64-debian-gcc, r-devel-linux-x86_64-fedora-clang, r-devel-linux-x86_64-fedora-gcc, r-patched-linux-x86_64, r-release-linux-x86_64