CRAN Package Check Results for Package MissMech

Last updated on 2019-09-20 01:47:48 CEST.

Flavor Version Tinstall Tcheck Ttotal Status Flags
r-devel-linux-x86_64-debian-clang 1.0.2 2.89 30.54 33.43 NOTE
r-devel-linux-x86_64-debian-gcc 1.0.2 2.61 22.74 25.35 NOTE
r-devel-linux-x86_64-fedora-clang 1.0.2 40.79 NOTE
r-devel-linux-x86_64-fedora-gcc 1.0.2 38.93 NOTE
r-devel-windows-ix86+x86_64 1.0.2 18.00 58.00 76.00 NOTE
r-patched-linux-x86_64 1.0.2 2.59 29.99 32.58 NOTE
r-patched-solaris-x86 1.0.2 63.20 NOTE
r-release-linux-x86_64 1.0.2 2.41 29.74 32.15 NOTE
r-release-windows-ix86+x86_64 1.0.2 5.00 65.00 70.00 NOTE
r-release-osx-x86_64 1.0.2 NOTE
r-oldrel-windows-ix86+x86_64 1.0.2 3.00 37.00 40.00 NOTE
r-oldrel-osx-x86_64 1.0.2 NOTE

Check Details

Version: 1.0.2
Check: R code for possible problems
Result: NOTE
    AndersonDarling: no visible global function definition for 'spline'
    Hawkins: no visible global function definition for 'cov'
    Hawkins: no visible global function definition for 'pf'
    Impute: no visible global function definition for 'cov'
    Mimpute: no visible global function definition for 'rnorm'
    SimNey: no visible global function definition for 'runif'
    TestMCARNormality: no visible global function definition for 'cov'
    TestMCARNormality: no visible global function definition for 'pchisq'
    TestUNey: no visible global function definition for 'pchisq'
    boxplot.testhomosc: no visible global function definition for 'par'
    boxplot.testhomosc: no visible global function definition for 'title'
    boxplot.testhomosc: no visible global function definition for 'abline'
    Undefined global functions or variables:
     abline cov par pchisq pf rnorm runif spline title
    Consider adding
     importFrom("graphics", "abline", "par", "title")
     importFrom("stats", "cov", "pchisq", "pf", "rnorm", "runif", "spline")
    to your NAMESPACE file.
Flavors: r-devel-linux-x86_64-debian-clang, r-devel-linux-x86_64-debian-gcc, r-devel-linux-x86_64-fedora-clang, r-devel-linux-x86_64-fedora-gcc, r-devel-windows-ix86+x86_64, r-patched-linux-x86_64, r-patched-solaris-x86, r-release-linux-x86_64, r-release-windows-ix86+x86_64, r-release-osx-x86_64, r-oldrel-windows-ix86+x86_64, r-oldrel-osx-x86_64