CRAN Package Check Results for Package MiSPU

Last updated on 2018-12-12 09:47:39 CET.

Flavor Version Tinstall Tcheck Ttotal Status Flags
r-devel-linux-x86_64-debian-clang 1.0 28.80 82.92 111.72 OK
r-devel-linux-x86_64-debian-gcc 1.0 28.30 66.69 94.99 OK
r-devel-linux-x86_64-fedora-clang 1.0 124.80 NOTE
r-devel-linux-x86_64-fedora-gcc 1.0 142.75 NOTE
r-devel-windows-ix86+x86_64 1.0 71.00 136.00 207.00 OK
r-patched-linux-x86_64 1.0 32.46 81.95 114.41 OK
r-patched-solaris-x86 1.0 185.50 OK
r-release-linux-x86_64 1.0 31.25 80.40 111.65 OK
r-release-windows-ix86+x86_64 1.0 67.00 123.00 190.00 OK
r-release-osx-x86_64 1.0 OK
r-oldrel-windows-ix86+x86_64 1.0 46.00 148.00 194.00 OK
r-oldrel-osx-x86_64 1.0 OK

Check Details

Version: 1.0
Check: compiled code
Result: NOTE
    File ‘MiSPU/libs/MiSPU.so’:
     Found no calls to: ‘R_registerRoutines’, ‘R_useDynamicSymbols’
    
    It is good practice to register native routines and to disable symbol
    search.
    
    See ‘Writing portable packages’ in the ‘Writing R Extensions’ manual.
Flavors: r-devel-linux-x86_64-fedora-clang, r-devel-linux-x86_64-fedora-gcc