CRAN Package Check Results for Package MiSPU

Last updated on 2017-12-11 13:48:13 CET.

Flavor Version Tinstall Tcheck Ttotal Status Flags
r-devel-linux-x86_64-debian-clang 1.0 22.44 69.15 91.59 NOTE
r-devel-linux-x86_64-debian-gcc 1.0 19.90 58.18 78.08 NOTE
r-devel-linux-x86_64-fedora-clang 1.0 133.72 NOTE
r-devel-linux-x86_64-fedora-gcc 1.0 132.96 NOTE
r-devel-windows-ix86+x86_64 1.0 81.00 180.00 261.00 OK
r-patched-linux-x86_64 1.0 26.33 81.10 107.43 NOTE
r-patched-solaris-x86 1.0 182.40 OK
r-release-linux-x86_64 1.0 25.60 79.98 105.58 NOTE
r-release-windows-ix86+x86_64 1.0 56.00 130.00 186.00 OK
r-release-osx-x86_64 1.0 OK
r-oldrel-windows-ix86+x86_64 1.0 67.00 106.00 173.00 OK
r-oldrel-osx-x86_64 1.0 OK

Check Details

Version: 1.0
Check: compiled code
Result: NOTE
    File ‘MiSPU/libs/MiSPU.so’:
     Found no calls to: ‘R_registerRoutines’, ‘R_useDynamicSymbols’
    
    It is good practice to register native routines and to disable symbol
    search.
    
    See ‘Writing portable packages’ in the ‘Writing R Extensions’ manual.
Flavors: r-devel-linux-x86_64-debian-clang, r-devel-linux-x86_64-debian-gcc, r-devel-linux-x86_64-fedora-clang, r-devel-linux-x86_64-fedora-gcc, r-patched-linux-x86_64, r-release-linux-x86_64