CRAN Package Check Results for Package MiSPU

Last updated on 2018-06-18 21:47:45 CEST.

Flavor Version Tinstall Tcheck Ttotal Status Flags
r-devel-linux-x86_64-debian-clang 1.0 31.35 90.71 122.06 NOTE
r-devel-linux-x86_64-debian-gcc 1.0 25.36 79.50 104.86 NOTE
r-devel-linux-x86_64-fedora-clang 1.0 158.45 NOTE
r-devel-linux-x86_64-fedora-gcc 1.0 152.76 NOTE
r-devel-windows-ix86+x86_64 1.0 75.00 201.00 276.00 OK
r-patched-linux-x86_64 1.0 29.14 79.20 108.34 NOTE
r-patched-solaris-x86 1.0 188.10 OK
r-release-linux-x86_64 1.0 29.63 78.63 108.26 NOTE
r-release-windows-ix86+x86_64 1.0 50.00 175.00 225.00 OK
r-release-osx-x86_64 1.0 OK
r-oldrel-windows-ix86+x86_64 1.0 52.00 175.00 227.00 OK
r-oldrel-osx-x86_64 1.0 OK

Check Details

Version: 1.0
Check: compiled code
Result: NOTE
    File ‘MiSPU/libs/MiSPU.so’:
     Found no calls to: ‘R_registerRoutines’, ‘R_useDynamicSymbols’
    
    It is good practice to register native routines and to disable symbol
    search.
    
    See ‘Writing portable packages’ in the ‘Writing R Extensions’ manual.
Flavors: r-devel-linux-x86_64-debian-clang, r-devel-linux-x86_64-debian-gcc, r-devel-linux-x86_64-fedora-clang, r-devel-linux-x86_64-fedora-gcc, r-patched-linux-x86_64, r-release-linux-x86_64