CRAN Package Check Results for Package MiSPU

Last updated on 2018-09-26 08:48:19 CEST.

Flavor Version Tinstall Tcheck Ttotal Status Flags
r-devel-linux-x86_64-debian-clang 1.0 30.85 99.89 130.74 OK
r-devel-linux-x86_64-debian-gcc 1.0 28.61 79.18 107.79 OK
r-devel-linux-x86_64-fedora-clang 1.0 163.54 NOTE
r-devel-linux-x86_64-fedora-gcc 1.0 163.63 NOTE
r-devel-windows-ix86+x86_64 1.0 74.00 194.00 268.00 OK
r-patched-linux-x86_64 1.0 34.37 79.52 113.89 OK
r-patched-solaris-x86 1.0 188.80 OK
r-release-linux-x86_64 1.0 32.68 80.02 112.70 OK
r-release-windows-ix86+x86_64 1.0 75.00 183.00 258.00 OK
r-release-osx-x86_64 1.0 OK
r-oldrel-windows-ix86+x86_64 1.0 52.00 196.00 248.00 OK
r-oldrel-osx-x86_64 1.0 OK

Check Details

Version: 1.0
Check: compiled code
Result: NOTE
    File ‘MiSPU/libs/MiSPU.so’:
     Found no calls to: ‘R_registerRoutines’, ‘R_useDynamicSymbols’
    
    It is good practice to register native routines and to disable symbol
    search.
    
    See ‘Writing portable packages’ in the ‘Writing R Extensions’ manual.
Flavors: r-devel-linux-x86_64-fedora-clang, r-devel-linux-x86_64-fedora-gcc