CRAN Package Check Results for Package MiSPU

Last updated on 2018-02-25 07:47:30 CET.

Flavor Version Tinstall Tcheck Ttotal Status Flags
r-devel-linux-x86_64-debian-clang 1.0 26.05 78.97 105.02 NOTE
r-devel-linux-x86_64-debian-gcc 1.0 21.96 62.27 84.23 NOTE
r-devel-linux-x86_64-fedora-clang 1.0 136.87 NOTE
r-devel-linux-x86_64-fedora-gcc 1.0 136.64 NOTE
r-devel-windows-ix86+x86_64 1.0 70.00 174.00 244.00 OK
r-patched-linux-x86_64 1.0 25.53 80.94 106.47 NOTE
r-patched-solaris-x86 1.0 190.80 OK
r-release-linux-x86_64 1.0 27.87 81.12 108.99 NOTE
r-release-windows-ix86+x86_64 1.0 79.00 166.00 245.00 OK
r-release-osx-x86_64 1.0 OK
r-oldrel-windows-ix86+x86_64 1.0 52.00 124.00 176.00 OK
r-oldrel-osx-x86_64 1.0 OK

Check Details

Version: 1.0
Check: compiled code
Result: NOTE
    File ‘MiSPU/libs/MiSPU.so’:
     Found no calls to: ‘R_registerRoutines’, ‘R_useDynamicSymbols’
    
    It is good practice to register native routines and to disable symbol
    search.
    
    See ‘Writing portable packages’ in the ‘Writing R Extensions’ manual.
Flavors: r-devel-linux-x86_64-debian-clang, r-devel-linux-x86_64-debian-gcc, r-devel-linux-x86_64-fedora-clang, r-devel-linux-x86_64-fedora-gcc, r-patched-linux-x86_64, r-release-linux-x86_64