CRAN Package Check Results for Package MiRAnorm

Last updated on 2018-08-21 22:50:01 CEST.

Flavor Version Tinstall Tcheck Ttotal Status Flags
r-devel-linux-x86_64-debian-clang 1.0.0 3.56 39.12 42.68 OK
r-devel-linux-x86_64-debian-gcc 1.0.0 3.10 30.85 33.95 OK
r-devel-linux-x86_64-fedora-clang 1.0.0 50.12 NOTE
r-devel-linux-x86_64-fedora-gcc 1.0.0 47.71 NOTE
r-devel-windows-ix86+x86_64 1.0.0 10.00 74.00 84.00 OK
r-patched-linux-x86_64 1.0.0 2.94 35.00 37.94 OK
r-patched-solaris-x86 1.0.0 72.20 NOTE
r-release-linux-x86_64 1.0.0 3.29 34.80 38.09 OK
r-release-windows-ix86+x86_64 1.0.0 8.00 58.00 66.00 OK
r-release-osx-x86_64 1.0.0 NOTE
r-oldrel-windows-ix86+x86_64 1.0.0 5.00 63.00 68.00 OK
r-oldrel-osx-x86_64 1.0.0 NOTE

Check Details

Version: 1.0.0
Check: dependencies in R code
Result: NOTE
    Namespaces in Imports field not imported from:
     ‘MASS’ ‘cluster’ ‘dendextend’ ‘npmv’ ‘utils’
     All declared Imports should be used.
Flavors: r-devel-linux-x86_64-fedora-clang, r-devel-linux-x86_64-fedora-gcc, r-patched-solaris-x86, r-release-osx-x86_64, r-oldrel-osx-x86_64