CRAN Package Check Results for Package MiRAnorm

Last updated on 2017-12-14 02:49:29 CET.

Flavor Version Tinstall Tcheck Ttotal Status Flags
r-devel-linux-x86_64-debian-clang 1.0.0 1.40 30.95 32.35 OK
r-devel-linux-x86_64-debian-gcc 1.0.0 1.23 27.07 28.30 OK
r-devel-linux-x86_64-fedora-clang 1.0.0 38.64 NOTE
r-devel-linux-x86_64-fedora-gcc 1.0.0 41.57 NOTE
r-devel-windows-ix86+x86_64 1.0.0 6.00 60.00 66.00 OK
r-patched-linux-x86_64 1.0.0 1.60 31.69 33.29 OK
r-patched-solaris-x86 1.0.0 61.70 NOTE
r-release-linux-x86_64 1.0.0 1.40 32.61 34.01 OK
r-release-windows-ix86+x86_64 1.0.0 4.00 47.00 51.00 OK
r-release-osx-x86_64 1.0.0 NOTE
r-oldrel-windows-ix86+x86_64 1.0.0 3.00 64.00 67.00 OK
r-oldrel-osx-x86_64 1.0.0 NOTE

Check Details

Version: 1.0.0
Check: dependencies in R code
Result: NOTE
    Namespaces in Imports field not imported from:
     ‘MASS’ ‘cluster’ ‘dendextend’ ‘npmv’ ‘utils’
     All declared Imports should be used.
Flavors: r-devel-linux-x86_64-fedora-clang, r-devel-linux-x86_64-fedora-gcc, r-patched-solaris-x86, r-release-osx-x86_64, r-oldrel-osx-x86_64