CRAN Package Check Results for Package MiRAnorm

Last updated on 2018-11-18 10:50:05 CET.

Flavor Version Tinstall Tcheck Ttotal Status Flags
r-devel-linux-x86_64-debian-clang 1.0.0 3.43 37.29 40.72 OK
r-devel-linux-x86_64-debian-gcc 1.0.0 2.98 28.79 31.77 OK
r-devel-linux-x86_64-fedora-clang 1.0.0 48.14 NOTE
r-devel-linux-x86_64-fedora-gcc 1.0.0 48.60 NOTE
r-devel-windows-ix86+x86_64 1.0.0 10.00 80.00 90.00 OK
r-patched-linux-x86_64 1.0.0 3.51 35.08 38.59 OK
r-patched-solaris-x86 1.0.0 72.20 NOTE
r-release-linux-x86_64 1.0.0 2.04 36.21 38.25 OK
r-release-windows-ix86+x86_64 1.0.0 11.00 51.00 62.00 OK
r-release-osx-x86_64 1.0.0 NOTE
r-oldrel-windows-ix86+x86_64 1.0.0 7.00 75.00 82.00 OK
r-oldrel-osx-x86_64 1.0.0 NOTE

Check Details

Version: 1.0.0
Check: dependencies in R code
Result: NOTE
    Namespaces in Imports field not imported from:
     ‘MASS’ ‘cluster’ ‘dendextend’ ‘npmv’ ‘utils’
     All declared Imports should be used.
Flavors: r-devel-linux-x86_64-fedora-clang, r-devel-linux-x86_64-fedora-gcc, r-patched-solaris-x86, r-release-osx-x86_64, r-oldrel-osx-x86_64