CRAN Package Check Results for Package MiRAnorm

Last updated on 2018-05-27 06:46:58 CEST.

Flavor Version Tinstall Tcheck Ttotal Status Flags
r-devel-linux-x86_64-debian-clang 1.0.0 3.23 33.71 36.94 OK
r-devel-linux-x86_64-debian-gcc 1.0.0 2.72 26.45 29.17 OK
r-devel-linux-x86_64-fedora-clang 1.0.0 43.54 NOTE
r-devel-linux-x86_64-fedora-gcc 1.0.0 42.97 NOTE
r-devel-windows-ix86+x86_64 1.0.0 6.00 58.00 64.00 OK
r-patched-linux-x86_64 1.0.0 2.43 30.86 33.29 OK
r-patched-solaris-x86 1.0.0 62.30 NOTE
r-release-linux-x86_64 1.0.0 3.14 31.07 34.21 OK
r-release-windows-ix86+x86_64 1.0.0 8.00 58.00 66.00 OK
r-release-osx-x86_64 1.0.0 NOTE
r-oldrel-windows-ix86+x86_64 1.0.0 6.00 43.00 49.00 OK
r-oldrel-osx-x86_64 1.0.0 NOTE

Check Details

Version: 1.0.0
Check: dependencies in R code
Result: NOTE
    Namespaces in Imports field not imported from:
     ‘MASS’ ‘cluster’ ‘dendextend’ ‘npmv’ ‘utils’
     All declared Imports should be used.
Flavors: r-devel-linux-x86_64-fedora-clang, r-devel-linux-x86_64-fedora-gcc, r-patched-solaris-x86, r-release-osx-x86_64, r-oldrel-osx-x86_64