CRAN Package Check Results for Package MetamapsDB

Last updated on 2018-08-22 06:46:53 CEST.

Flavor Version Tinstall Tcheck Ttotal Status Flags
r-devel-linux-x86_64-debian-clang 0.0.2 27.76 323.11 350.87 OK
r-devel-linux-x86_64-debian-gcc 0.0.2 24.22 254.49 278.71 OK
r-devel-linux-x86_64-fedora-clang 0.0.2 418.09 NOTE
r-devel-linux-x86_64-fedora-gcc 0.0.2 423.08 NOTE
r-devel-windows-ix86+x86_64 0.0.2 44.00 268.00 312.00 OK
r-patched-linux-x86_64 0.0.2 21.86 257.19 279.05 OK
r-patched-solaris-x86 0.0.2 521.00 NOTE
r-release-linux-x86_64 0.0.2 21.15 258.55 279.70 OK
r-release-windows-ix86+x86_64 0.0.2 55.00 325.00 380.00 OK
r-release-osx-x86_64 0.0.2 ERROR
r-oldrel-windows-ix86+x86_64 0.0.2 34.00 279.00 313.00 OK
r-oldrel-osx-x86_64 0.0.2 NOTE

Check Details

Version: 0.0.2
Check: dependencies in R code
Result: NOTE
    Namespaces in Imports field not imported from:
     ‘Matrix’ ‘shiny’
     All declared Imports should be used.
Flavors: r-devel-linux-x86_64-fedora-clang, r-devel-linux-x86_64-fedora-gcc, r-patched-solaris-x86, r-oldrel-osx-x86_64

Version: 0.0.2
Check: package dependencies
Result: ERROR
    Package required but not available: ‘ShortRead’
    
    See section ‘The DESCRIPTION file’ in the ‘Writing R Extensions’
    manual.
Flavor: r-release-osx-x86_64