CRAN Package Check Results for Package MetamapsDB

Last updated on 2018-05-21 00:50:08 CEST.

Flavor Version Tinstall Tcheck Ttotal Status Flags
r-devel-linux-x86_64-debian-clang 0.0.2 26.78 283.39 310.17 OK
r-devel-linux-x86_64-debian-gcc 0.0.2 24.71 244.45 269.16 OK
r-devel-linux-x86_64-fedora-clang 0.0.2 429.12 NOTE
r-devel-linux-x86_64-fedora-gcc 0.0.2 420.86 NOTE
r-devel-windows-ix86+x86_64 0.0.2 47.00 299.00 346.00 OK
r-patched-linux-x86_64 0.0.2 22.52 253.67 276.19 OK
r-patched-solaris-x86 0.0.2 512.80 NOTE
r-release-linux-x86_64 0.0.2 22.31 251.75 274.06 OK
r-release-windows-ix86+x86_64 0.0.2 39.00 236.00 275.00 OK
r-release-osx-x86_64 0.0.2 ERROR
r-oldrel-windows-ix86+x86_64 0.0.2 38.00 231.00 269.00 OK
r-oldrel-osx-x86_64 0.0.2 NOTE

Check Details

Version: 0.0.2
Check: dependencies in R code
Result: NOTE
    Namespaces in Imports field not imported from:
     ‘Matrix’ ‘shiny’
     All declared Imports should be used.
Flavors: r-devel-linux-x86_64-fedora-clang, r-devel-linux-x86_64-fedora-gcc, r-patched-solaris-x86, r-oldrel-osx-x86_64

Version: 0.0.2
Check: package dependencies
Result: ERROR
    Package required but not available: ‘ShortRead’
    
    See section ‘The DESCRIPTION file’ in the ‘Writing R Extensions’
    manual.
Flavor: r-release-osx-x86_64