CRAN Package Check Results for Package MetamapsDB

Last updated on 2017-12-13 10:46:59 CET.

Flavor Version Tinstall Tcheck Ttotal Status Flags
r-devel-linux-x86_64-debian-clang 0.0.2 15.45 214.33 229.78 OK
r-devel-linux-x86_64-debian-gcc 0.0.2 14.43 173.41 187.84 OK
r-devel-linux-x86_64-fedora-clang 0.0.2 286.90 NOTE
r-devel-linux-x86_64-fedora-gcc 0.0.2 300.97 NOTE
r-devel-windows-ix86+x86_64 0.0.2 48.00 300.00 348.00 OK
r-patched-linux-x86_64 0.0.2 18.16 241.30 259.46 OK
r-patched-solaris-x86 0.0.2 375.30 NOTE
r-release-linux-x86_64 0.0.2 17.44 234.66 252.10 OK
r-release-windows-ix86+x86_64 0.0.2 39.00 243.00 282.00 OK
r-release-osx-x86_64 0.0.2 ERROR
r-oldrel-windows-ix86+x86_64 0.0.2 41.00 285.00 326.00 OK
r-oldrel-osx-x86_64 0.0.2 NOTE

Check Details

Version: 0.0.2
Check: dependencies in R code
Result: NOTE
    Namespaces in Imports field not imported from:
     ‘Matrix’ ‘shiny’
     All declared Imports should be used.
Flavors: r-devel-linux-x86_64-fedora-clang, r-devel-linux-x86_64-fedora-gcc, r-patched-solaris-x86, r-oldrel-osx-x86_64

Version: 0.0.2
Check: package dependencies
Result: ERROR
    Packages required but not available: ‘ShortRead’ ‘GenomicRanges’
    
    See section ‘The DESCRIPTION file’ in the ‘Writing R Extensions’
    manual.
Flavor: r-release-osx-x86_64