CRAN Package Check Results for Package MetamapsDB

Last updated on 2018-02-19 23:50:19 CET.

Flavor Version Tinstall Tcheck Ttotal Status Flags
r-devel-linux-x86_64-debian-clang 0.0.2 20.29 231.83 252.12 OK
r-devel-linux-x86_64-debian-gcc 0.0.2 19.80 200.62 220.42 OK
r-devel-windows-ix86+x86_64 0.0.2 33.00 194.00 227.00 OK
r-patched-linux-x86_64 0.0.2 19.90 236.25 256.15 OK
r-patched-solaris-x86 0.0.2 452.70 NOTE
r-release-linux-x86_64 0.0.2 17.95 234.07 252.02 OK
r-release-windows-ix86+x86_64 0.0.2 58.00 331.00 389.00 OK
r-release-osx-x86_64 0.0.2 ERROR
r-oldrel-windows-ix86+x86_64 0.0.2 46.00 273.00 319.00 OK
r-oldrel-osx-x86_64 0.0.2 NOTE

Check Details

Version: 0.0.2
Check: dependencies in R code
Result: NOTE
    Namespaces in Imports field not imported from:
     ‘Matrix’ ‘shiny’
     All declared Imports should be used.
Flavors: r-patched-solaris-x86, r-oldrel-osx-x86_64

Version: 0.0.2
Check: package dependencies
Result: ERROR
    Packages required but not available: ‘ShortRead’ ‘GenomicRanges’
    
    See section ‘The DESCRIPTION file’ in the ‘Writing R Extensions’
    manual.
Flavor: r-release-osx-x86_64