CRAN Package Check Results for Package MetabolomicsBasics

Last updated on 2019-07-16 07:50:53 CEST.

Flavor Version Tinstall Tcheck Ttotal Status Flags
r-devel-linux-x86_64-debian-clang 1.1 14.82 129.82 144.64 OK
r-devel-linux-x86_64-debian-gcc 1.1 12.80 99.97 112.77 OK
r-devel-linux-x86_64-fedora-clang 1.1 175.53 OK
r-devel-linux-x86_64-fedora-gcc 1.1 169.54 OK
r-devel-windows-ix86+x86_64 1.1 43.00 139.00 182.00 OK
r-patched-linux-x86_64 1.1 14.55 127.59 142.14 OK
r-patched-solaris-x86 1.1 272.20 OK
r-release-linux-x86_64 1.1 16.30 125.92 142.22 OK
r-release-windows-ix86+x86_64 1.1 29.00 195.00 224.00 OK
r-release-osx-x86_64 1.1 ERROR
r-oldrel-windows-ix86+x86_64 1.1 27.00 186.00 213.00 OK
r-oldrel-osx-x86_64 1.1 OK

Check Details

Version: 1.1
Check: package dependencies
Result: ERROR
    Packages required but not available: 'mixOmics', 'pcaMethods', 'ropls'
    
    See section ‘The DESCRIPTION file’ in the ‘Writing R Extensions’
    manual.
Flavor: r-release-osx-x86_64