CRAN Package Check Results for Package MetabolomicsBasics

Last updated on 2019-05-22 06:47:40 CEST.

Flavor Version Tinstall Tcheck Ttotal Status Flags
r-devel-linux-x86_64-debian-clang 1.1 16.37 131.03 147.40 OK
r-devel-linux-x86_64-debian-gcc 1.1 12.79 99.69 112.48 OK
r-devel-linux-x86_64-fedora-clang 1.1 171.10 OK
r-devel-linux-x86_64-fedora-gcc 1.1 167.20 OK
r-devel-windows-ix86+x86_64 1.1 32.00 215.00 247.00 OK
r-patched-linux-x86_64 1.1 12.64 129.18 141.82 OK
r-patched-solaris-x86 1.1 262.90 OK
r-release-linux-x86_64 1.1 15.04 128.37 143.41 OK
r-release-windows-ix86+x86_64 1.1 49.00 142.00 191.00 OK
r-release-osx-x86_64 1.1 ERROR
r-oldrel-windows-ix86+x86_64 1.1 21.00 135.00 156.00 OK
r-oldrel-osx-x86_64 1.1 OK

Check Details

Version: 1.1
Check: package dependencies
Result: ERROR
    Packages required but not available: 'mixOmics', 'pcaMethods', 'ropls'
    
    See section ‘The DESCRIPTION file’ in the ‘Writing R Extensions’
    manual.
Flavor: r-release-osx-x86_64