CRAN Package Check Results for Package MFKnockoffs

Last updated on 2019-01-22 06:47:00 CET.

Flavor Version Tinstall Tcheck Ttotal Status Flags
r-devel-linux-x86_64-debian-clang 0.9.1 1.99 963.55 965.54 OK
r-devel-linux-x86_64-debian-gcc 0.9.1 1.86 677.08 678.94 OK
r-devel-linux-x86_64-fedora-clang 0.9.1 1068.12 OK
r-devel-linux-x86_64-fedora-gcc 0.9.1 941.15 OK
r-devel-windows-ix86+x86_64 0.9.1 5.00 1129.00 1134.00 NOTE
r-patched-linux-x86_64 0.9.1 1.45 756.74 758.19 WARN
r-patched-solaris-x86 0.9.1 2353.80 WARN
r-release-linux-x86_64 0.9.1 1.62 757.15 758.77 WARN
r-release-windows-ix86+x86_64 0.9.1 6.00 1117.00 1123.00 NOTE
r-release-osx-x86_64 0.9.1 FAIL
r-oldrel-windows-ix86+x86_64 0.9.1 6.00 965.00 971.00 NOTE
r-oldrel-osx-x86_64 0.9.1 OK

Check Details

Version: 0.9.1
Check: package dependencies
Result: NOTE
    Package suggested but not available for checking: 'doMC'
Flavors: r-devel-windows-ix86+x86_64, r-release-windows-ix86+x86_64, r-oldrel-windows-ix86+x86_64

Version: 0.9.1
Check: re-building of vignette outputs
Result: WARN
    Error in re-building vignettes:
     ...
    Loading required package: Matrix
    Loading required package: foreach
    Loaded glmnet 2.0-16
    
    Killed
Flavors: r-patched-linux-x86_64, r-release-linux-x86_64

Version: 0.9.1
Check: re-building of vignette outputs
Result: WARN
    Error in re-building vignettes:
     ...
    Warning in engine$weave(file, quiet = quiet, encoding = enc) :
     Pandoc (>= 1.12.3) and/or pandoc-citeproc not available. Falling back to R Markdown v1.
    Loading required package: Matrix
    Loading required package: foreach
    Loaded glmnet 2.0-16
Flavor: r-patched-solaris-x86

Version: 0.9.1
Check: re-building of vignette outputs
Result: WARN
    Error in re-building vignettes:
     ...
    Warning in engine$weave(file, quiet = quiet, encoding = enc) :
     Pandoc (>= 1.12.3) and/or pandoc-citeproc not available. Falling back to R Markdown v1.
    Loading required package: Matrix
    Loading required package: foreach
    Loaded glmnet 2.0-16
    
    
    Execution halted
Flavor: r-release-osx-x86_64

Version: 0.9.1
Check: PDF version of manual
Result: FAIL
    
Flavor: r-release-osx-x86_64