CRAN Package Check Results for Package MEGENA

Last updated on 2017-12-17 13:48:12 CET.

Flavor Version Tinstall Tcheck Ttotal Status Flags
r-devel-linux-x86_64-debian-clang 1.3.6 20.69 157.07 177.76 NOTE
r-devel-linux-x86_64-debian-gcc 1.3.6 18.53 123.74 142.27 NOTE
r-devel-linux-x86_64-fedora-clang 1.3.6 214.99 NOTE
r-devel-linux-x86_64-fedora-gcc 1.3.6 210.07 NOTE
r-devel-windows-ix86+x86_64 1.3.6 48.00 215.00 263.00 OK
r-patched-linux-x86_64 1.3.6 23.85 164.53 188.38 NOTE
r-patched-solaris-x86 1.3.6 416.90 OK
r-release-linux-x86_64 1.3.6 23.10 166.11 189.21 NOTE
r-release-windows-ix86+x86_64 1.3.6 49.00 225.00 274.00 OK
r-release-osx-x86_64 1.3.6 OK
r-oldrel-windows-ix86+x86_64 1.3.6 52.00 209.00 261.00 OK
r-oldrel-osx-x86_64 1.3.6 OK

Check Details

Version: 1.3.6
Check: compiled code
Result: NOTE
    File ‘MEGENA/libs/MEGENA.so’:
     Found no calls to: ‘R_registerRoutines’, ‘R_useDynamicSymbols’
    
    It is good practice to register native routines and to disable symbol
    search.
    
    See ‘Writing portable packages’ in the ‘Writing R Extensions’ manual.
Flavors: r-devel-linux-x86_64-debian-clang, r-devel-linux-x86_64-debian-gcc, r-devel-linux-x86_64-fedora-clang, r-devel-linux-x86_64-fedora-gcc, r-patched-linux-x86_64, r-release-linux-x86_64