CRAN Package Check Results for Package MCMCtreeR

Last updated on 2020-01-22 13:49:04 CET.

Flavor Version Tinstall Tcheck Ttotal Status Flags
r-devel-linux-x86_64-debian-clang 1.1 7.14 90.97 98.11 OK
r-devel-linux-x86_64-debian-gcc 1.1 6.13 69.89 76.02 OK
r-devel-linux-x86_64-fedora-clang 1.1 118.32 NOTE
r-devel-linux-x86_64-fedora-gcc 1.1 114.18 OK
r-devel-windows-ix86+x86_64 1.1 22.00 153.00 175.00 NOTE
r-devel-windows-ix86+x86_64-gcc8 1.1 19.00 137.00 156.00 NOTE
r-patched-linux-x86_64 1.1 5.69 82.13 87.82 OK
r-patched-solaris-x86 1.1 116.80 NOTE
r-release-linux-x86_64 1.1 5.71 82.89 88.60 OK
r-release-windows-ix86+x86_64 1.1 16.00 99.00 115.00 NOTE
r-release-osx-x86_64 1.1 NOTE
r-oldrel-windows-ix86+x86_64 1.1 8.00 88.00 96.00 NOTE
r-oldrel-osx-x86_64 1.1 NOTE

Check Details

Version: 1.1
Check: installed package size
Result: NOTE
     installed size is 7.4Mb
     sub-directories of 1Mb or more:
     doc 6.8Mb
Flavors: r-devel-linux-x86_64-fedora-clang, r-devel-windows-ix86+x86_64, r-devel-windows-ix86+x86_64-gcc8, r-patched-solaris-x86, r-release-windows-ix86+x86_64, r-release-osx-x86_64, r-oldrel-windows-ix86+x86_64, r-oldrel-osx-x86_64