CRAN Package Check Results for Package MCMCtreeR

Last updated on 2019-08-25 19:48:14 CEST.

Flavor Version Tinstall Tcheck Ttotal Status Flags
r-devel-linux-x86_64-debian-clang 1.1 7.76 83.63 91.39 OK
r-devel-linux-x86_64-debian-gcc 1.1 5.48 64.75 70.23 OK
r-devel-linux-x86_64-fedora-clang 1.1 109.33 NOTE
r-devel-linux-x86_64-fedora-gcc 1.1 107.41 OK
r-devel-windows-ix86+x86_64 1.1 19.00 126.00 145.00 NOTE
r-patched-linux-x86_64 1.1 7.61 81.90 89.51 OK
r-patched-solaris-x86 1.1 121.50 NOTE
r-release-linux-x86_64 1.1 6.01 81.65 87.66 OK
r-release-windows-ix86+x86_64 1.1 18.00 126.00 144.00 NOTE
r-release-osx-x86_64 1.1 NOTE
r-oldrel-windows-ix86+x86_64 1.1 13.00 125.00 138.00 NOTE
r-oldrel-osx-x86_64 1.1 NOTE

Check Details

Version: 1.1
Check: installed package size
Result: NOTE
     installed size is 7.4Mb
     sub-directories of 1Mb or more:
     doc 6.8Mb
Flavors: r-devel-linux-x86_64-fedora-clang, r-devel-windows-ix86+x86_64, r-patched-solaris-x86, r-release-windows-ix86+x86_64, r-release-osx-x86_64, r-oldrel-windows-ix86+x86_64, r-oldrel-osx-x86_64