CRAN Package Check Results for Package MCMCglmm

Last updated on 2019-05-27 06:49:58 CEST.

Flavor Version Tinstall Tcheck Ttotal Status Flags
r-devel-linux-x86_64-debian-clang 2.29 43.88 111.06 154.94 OK
r-devel-linux-x86_64-debian-gcc 2.29 33.03 86.70 119.73 OK
r-devel-linux-x86_64-fedora-clang 2.29 194.05 OK
r-devel-linux-x86_64-fedora-gcc 2.29 181.57 OK
r-devel-windows-ix86+x86_64 2.29 121.00 223.00 344.00 NOTE
r-patched-linux-x86_64 2.29 OK
r-patched-solaris-x86 2.29 257.80 OK
r-release-linux-x86_64 2.29 36.45 111.43 147.88 OK
r-release-windows-ix86+x86_64 2.29 184.00 225.00 409.00 NOTE
r-release-osx-x86_64 2.29 OK
r-oldrel-windows-ix86+x86_64 2.29 182.00 143.00 325.00 NOTE
r-oldrel-osx-x86_64 2.29 OK

Check Details

Version: 2.29
Check: installed package size
Result: NOTE
     installed size is 5.3Mb
     sub-directories of 1Mb or more:
     doc 3.2Mb
     libs 1.6Mb
Flavors: r-devel-windows-ix86+x86_64, r-release-windows-ix86+x86_64, r-oldrel-windows-ix86+x86_64