CRAN Package Check Results for Package MCMCglmm

Last updated on 2019-08-19 11:49:06 CEST.

Flavor Version Tinstall Tcheck Ttotal Status Flags
r-devel-linux-x86_64-debian-clang 2.29 43.81 112.60 156.41 OK
r-devel-linux-x86_64-debian-gcc 2.29 31.11 87.44 118.55 OK
r-devel-linux-x86_64-fedora-clang 2.29 203.11 OK
r-devel-linux-x86_64-fedora-gcc 2.29 185.67 OK
r-devel-windows-ix86+x86_64 2.29 203.00 208.00 411.00 NOTE
r-patched-linux-x86_64 2.29 36.40 111.62 148.02 OK
r-patched-solaris-x86 2.29 257.50 OK
r-release-linux-x86_64 2.29 36.44 110.96 147.40 OK
r-release-windows-ix86+x86_64 2.29 120.00 152.00 272.00 NOTE
r-release-osx-x86_64 2.29 OK
r-oldrel-windows-ix86+x86_64 2.29 168.00 188.00 356.00 NOTE
r-oldrel-osx-x86_64 2.29 OK

Check Details

Version: 2.29
Check: installed package size
Result: NOTE
     installed size is 5.3Mb
     sub-directories of 1Mb or more:
     doc 3.2Mb
     libs 1.6Mb
Flavors: r-devel-windows-ix86+x86_64, r-release-windows-ix86+x86_64, r-oldrel-windows-ix86+x86_64