CRAN Package Check Results for Package MBNMAdose

Last updated on 2019-10-20 20:48:26 CEST.

Flavor Version Tinstall Tcheck Ttotal Status Flags
r-devel-linux-x86_64-debian-clang 0.2.4 6.62 226.28 232.90 OK
r-devel-linux-x86_64-debian-gcc 0.2.4 6.29 155.96 162.25 OK
r-devel-linux-x86_64-fedora-clang 0.2.4 275.90 NOTE
r-devel-linux-x86_64-fedora-gcc 0.2.4 266.14 NOTE
r-devel-windows-ix86+x86_64 0.2.4 12.00 231.00 243.00 OK
r-patched-linux-x86_64 0.2.4 6.34 221.01 227.35 OK
r-patched-solaris-x86 0.2.4 624.70 NOTE
r-release-linux-x86_64 0.2.4 5.96 213.77 219.73 OK
r-release-windows-ix86+x86_64 0.2.4 16.00 307.00 323.00 OK
r-release-osx-x86_64 0.2.4 NOTE
r-oldrel-windows-ix86+x86_64 0.2.4 9.00 294.00 303.00 OK
r-oldrel-osx-x86_64 0.2.4 NOTE

Check Details

Version: 0.2.4
Check: data for non-ASCII characters
Result: NOTE
     Note: found 6 marked Latin-1 strings
Flavors: r-devel-linux-x86_64-fedora-clang, r-devel-linux-x86_64-fedora-gcc, r-patched-solaris-x86, r-release-osx-x86_64, r-oldrel-osx-x86_64