CRAN Package Check Results for Package Lambda4

Last updated on 2019-09-24 10:51:24 CEST.

Flavor Version Tinstall Tcheck Ttotal Status Flags
r-devel-linux-x86_64-debian-clang 3.0 2.58 24.47 27.05 NOTE
r-devel-linux-x86_64-debian-gcc 3.0 2.21 19.04 21.25 NOTE
r-devel-linux-x86_64-fedora-clang 3.0 33.36 NOTE
r-devel-linux-x86_64-fedora-gcc 3.0 31.98 NOTE
r-devel-windows-ix86+x86_64 3.0 14.00 58.00 72.00 NOTE
r-patched-linux-x86_64 3.0 2.57 23.71 26.28 NOTE
r-patched-solaris-x86 3.0 NOTE
r-release-linux-x86_64 3.0 2.43 23.84 26.27 NOTE
r-release-windows-ix86+x86_64 3.0 10.00 61.00 71.00 NOTE
r-release-osx-x86_64 3.0 NOTE
r-oldrel-windows-ix86+x86_64 3.0 4.00 37.00 41.00 NOTE
r-oldrel-osx-x86_64 3.0 NOTE

Check Details

Version: 3.0
Check: DESCRIPTION meta-information
Result: NOTE
    Malformed Title field: should not end in a period.
Flavors: r-devel-linux-x86_64-debian-clang, r-devel-linux-x86_64-debian-gcc, r-devel-linux-x86_64-fedora-clang, r-devel-linux-x86_64-fedora-gcc, r-devel-windows-ix86+x86_64, r-patched-linux-x86_64, r-patched-solaris-x86, r-release-linux-x86_64, r-release-windows-ix86+x86_64, r-release-osx-x86_64, r-oldrel-windows-ix86+x86_64, r-oldrel-osx-x86_64

Version: 3.0
Check: dependencies in R code
Result: NOTE
    'library' or 'require' calls in package code:
     'GPArotation' 'mice'
     Please use :: or requireNamespace() instead.
     See section 'Suggested packages' in the 'Writing R Extensions' manual.
Flavors: r-devel-linux-x86_64-debian-clang, r-devel-linux-x86_64-debian-gcc, r-devel-linux-x86_64-fedora-clang, r-devel-linux-x86_64-fedora-gcc, r-devel-windows-ix86+x86_64, r-patched-linux-x86_64, r-patched-solaris-x86, r-release-linux-x86_64, r-release-windows-ix86+x86_64, r-release-osx-x86_64, r-oldrel-windows-ix86+x86_64, r-oldrel-osx-x86_64

Version: 3.0
Check: R code for possible problems
Result: NOTE
    angoff: no visible global function definition for 'cov2cor'
    angoff: no visible global function definition for 'runif'
    cov.lambda4: no visible global function definition for 'cov2cor'
    cov.lambda4: no visible global function definition for 'median'
    guttman: no visible global function definition for 'cov2cor'
    impute.cov: no visible global function definition for 'cov'
    impute.cov: no visible global function definition for 'complete'
    impute.cov: no visible global function definition for 'mice'
    kristof: no visible global function definition for 'cov2cor'
    kristof: no visible global function definition for 'runif'
    lambda1: no visible global function definition for 'cov2cor'
    lambda2: no visible global function definition for 'cov2cor'
    lambda3: no visible global function definition for 'cov2cor'
    lambda3: no visible binding for global variable 'sd'
    lambda5: no visible global function definition for 'cov2cor'
    lambda6: no visible global function definition for 'cov2cor'
    omega.tot: no visible global function definition for 'cov2cor'
    omega.tot: no visible global function definition for 'factanal'
    quant.lambda4: no visible global function definition for 'cov2cor'
    quant.lambda4: no visible global function definition for 'runif'
    quant.lambda4: no visible global function definition for 'quantile'
    raju: no visible global function definition for 'cov2cor'
    raju: no visible global function definition for 'runif'
    user.lambda4: no visible global function definition for 'runif'
    user.lambda4: no visible binding for global variable 'sd'
    Undefined global functions or variables:
     complete cov cov2cor factanal median mice quantile runif sd
    Consider adding
     importFrom("stats", "cov", "cov2cor", "factanal", "median", "quantile",
     "runif", "sd")
    to your NAMESPACE file.
Flavors: r-devel-linux-x86_64-debian-clang, r-devel-linux-x86_64-debian-gcc, r-devel-linux-x86_64-fedora-clang, r-devel-linux-x86_64-fedora-gcc, r-devel-windows-ix86+x86_64, r-patched-linux-x86_64, r-patched-solaris-x86, r-release-linux-x86_64, r-release-windows-ix86+x86_64, r-release-osx-x86_64, r-oldrel-windows-ix86+x86_64, r-oldrel-osx-x86_64