CRAN Package Check Results for Package InterfaceqPCR

Last updated on 2019-09-19 10:47:54 CEST.

Flavor Version Tinstall Tcheck Ttotal Status Flags
r-devel-linux-x86_64-debian-clang 1.0 12.72 80.95 93.67 OK
r-devel-linux-x86_64-debian-gcc 1.0 10.59 63.25 73.84 OK
r-devel-linux-x86_64-fedora-clang 1.0 119.29 OK
r-devel-linux-x86_64-fedora-gcc 1.0 112.65 OK
r-devel-windows-ix86+x86_64 1.0 14.00 5.00 19.00 ERROR
r-patched-linux-x86_64 1.0 12.67 80.55 93.22 OK
r-patched-solaris-x86 1.0 133.70 OK
r-release-linux-x86_64 1.0 13.09 81.40 94.49 OK
r-release-windows-ix86+x86_64 1.0 13.00 69.00 82.00 OK
r-release-osx-x86_64 1.0 FAIL
r-oldrel-windows-ix86+x86_64 1.0 9.00 71.00 80.00 OK
r-oldrel-osx-x86_64 1.0 OK

Check Details

Version: 1.0
Check: whether package can be installed
Result: ERROR
    Installation failed.
Flavor: r-devel-windows-ix86+x86_64

Version: 1.0
Check: whether package can be installed
Result: FAIL
    
Flavor: r-release-osx-x86_64