CRAN Package Check Results for Package IntNMF

Last updated on 2018-10-20 09:55:01 CEST.

Flavor Version Tinstall Tcheck Ttotal Status Flags
r-devel-linux-x86_64-debian-clang 1.2.0 4.59 107.57 112.16 OK
r-devel-linux-x86_64-debian-gcc 1.2.0 3.94 84.70 88.64 OK
r-devel-linux-x86_64-fedora-clang 1.2.0 136.36 OK
r-devel-linux-x86_64-fedora-gcc 1.2.0 132.00 OK
r-devel-windows-ix86+x86_64 1.2.0 18.00 147.00 165.00 OK
r-patched-linux-x86_64 1.2.0 4.19 95.07 99.26 OK
r-patched-solaris-x86 1.2.0 190.80 OK
r-release-linux-x86_64 1.2.0 4.14 97.10 101.24 OK
r-release-windows-ix86+x86_64 1.2.0 20.00 96.00 116.00 OK
r-release-osx-x86_64 1.2.0 OK
r-oldrel-osx-x86_64 1.2.0 ERROR

Check Details

Version: 1.2.0
Check: whether package can be installed
Result: ERROR
    Installation failed.
Flavor: r-oldrel-osx-x86_64